{"id":14336,"date":"2026-05-12T12:29:14","date_gmt":"2026-05-12T16:29:14","guid":{"rendered":"https:\/\/www.venetur.com\/?page_id=14336"},"modified":"2026-05-12T12:32:56","modified_gmt":"2026-05-12T16:32:56","slug":"noticia-23-04-2026","status":"publish","type":"page","link":"https:\/\/www.venetur.com\/index.php\/noticia-23-04-2026\/","title":{"rendered":"Noticia 23\/04\/2026"},"content":{"rendered":"<p>[et_pb_section fb_built=\u00bb1&#8243; admin_label=\u00bbHeader\u00bb _builder_version=\u00bb4.27.5&#8243; _module_preset=\u00bbdefault\u00bb use_background_color_gradient=\u00bbon\u00bb background_color_gradient_stops=\u00bbrgba(34,34,34,0) 0%|gcid-1f9b0bb3-481a-49f1-9fe6-999fc3c3182b 100%\u00bb background_color_gradient_overlays_image=\u00bbon\u00bb background_image=\u00bbhttps:\/\/www.venetur.com\/wp-content\/uploads\/2026\/03\/5055403402384313229.jpg\u00bb custom_padding=\u00bb90px||90px||true|false\u00bb locked=\u00bboff\u00bb collapsed=\u00bbon\u00bb global_colors_info=\u00bb{%22gcid-1f9b0bb3-481a-49f1-9fe6-999fc3c3182b%22:%91%22background_color_gradient_stops%22%93}\u00bb][et_pb_row _builder_version=\u00bb4.20.0&#8243; _module_preset=\u00bbdefault\u00bb global_colors_info=\u00bb{}\u00bb][et_pb_column type=\u00bb4_4&#8243; _builder_version=\u00bb4.20.0&#8243; _module_preset=\u00bbdefault\u00bb global_colors_info=\u00bb{}\u00bb][et_pb_text _builder_version=\u00bb4.20.0&#8243; _module_preset=\u00bba33b5007-2e03-4cc8-91fc-4115ad4c8f26&#8243; header_text_color=\u00bb#FFFFFF\u00bb text_orientation=\u00bbcenter\u00bb custom_margin=\u00bb||10px||false|false\u00bb global_colors_info=\u00bb{}\u00bb][\/et_pb_text][\/et_pb_column][\/et_pb_row][\/et_pb_section][et_pb_section fb_built=\u00bb1&#8243; admin_label=\u00bbServices\u00bb _builder_version=\u00bb4.20.0&#8243; _module_preset=\u00bbdefault\u00bb background_color=\u00bbRGBA(255,255,255,0)\u00bb custom_padding=\u00bb0px||||false|false\u00bb collapsed=\u00bbon\u00bb global_colors_info=\u00bb{}\u00bb][et_pb_row custom_padding_last_edited=\u00bbon|phone\u00bb _builder_version=\u00bb4.27.5&#8243; _module_preset=\u00bbdefault\u00bb background_color=\u00bbgcid-86da69f8-ce43-4c42-8395-4abd58818e72&#8243; width=\u00bb73%\u00bb custom_margin=\u00bb-60px||||false|false\u00bb custom_padding=\u00bb60px|60px|60px|60px|true|true\u00bb custom_padding_tablet=\u00bb30px|30px|30px|30px|true|true\u00bb custom_padding_phone=\u00bb20px|20px|20px|20px|true|true\u00bb border_radii=\u00bbon|16px|16px|16px|16px\u00bb global_colors_info=\u00bb{%22gcid-86da69f8-ce43-4c42-8395-4abd58818e72%22:%91%22background_color%22%93}\u00bb][et_pb_column type=\u00bb4_4&#8243; _builder_version=\u00bb4.20.0&#8243; _module_preset=\u00bbdefault\u00bb global_colors_info=\u00bb{}\u00bb][et_pb_text content_tablet=\u00bb<\/p>\n<h1><strong data-entity-type=%22MessageEntityBold%22>Margarita se mantiene como el destino ideal en Semana Santa<\/strong><\/h1>\n<p>\u00bb content_phone=\u00bb<\/p>\n<h4><strong data-entity-type=%22MessageEntityBold%22>Margarita se mantiene como el destino ideal en Semana Santa<\/strong><\/h4>\n<p>\u00bb content_last_edited=\u00bbon|phone\u00bb _builder_version=\u00bb4.27.6&#8243; _module_preset=\u00bb91340e2b-a870-4e1c-b74d-9b8c47a361ea\u00bb custom_margin=\u00bb-28px||||false|false\u00bb custom_margin_tablet=\u00bb-28px||||false|false\u00bb custom_margin_phone=\u00bb0px||||false|false\u00bb custom_margin_last_edited=\u00bbon|phone\u00bb custom_padding=\u00bb0px||15px||false|false\u00bb global_colors_info=\u00bb{}\u00bb]<\/p>\n<h1><strong data-entity-type=\"MessageEntityBold\">Turismo Social garantiza el derecho a la recreaci\u00f3n<\/strong><\/h1>\n<p>[\/et_pb_text][et_pb_image src=\u00bbhttps:\/\/www.venetur.com\/wp-content\/uploads\/2026\/05\/9.jpg\u00bb title_text=\u00bb9&#8243; _builder_version=\u00bb4.27.6&#8243; _module_preset=\u00bbdefault\u00bb width=\u00bb93%\u00bb module_alignment=\u00bbcenter\u00bb hover_enabled=\u00bb0&#8243; box_shadow_style=\u00bbpreset2&#8243; global_colors_info=\u00bb{}\u00bb sticky_enabled=\u00bb0&#8243;][\/et_pb_image][et_pb_text _builder_version=\u00bb4.27.6&#8243; _module_preset=\u00bb0b36fe94-9250-4e7d-a80a-3c5ba7852df0&#8243; custom_margin=\u00bb0px||-2px||false|false\u00bb custom_padding=\u00bb35px||||false|false\u00bb hover_enabled=\u00bb0&#8243; global_colors_info=\u00bb{}\u00bb sticky_enabled=\u00bb0&#8243;]<\/p>\n<p style=\"text-align: justify;\"><span>M\u00e1s de 500 personas de Miranda y Distrito Capital disfrutaron de actividades recreativas en el Sistema Telef\u00e9rico Warairarepano. <\/span><\/p>\n<p style=\"text-align: justify;\"><span>Caracas, 23.04.2026 (Prensa Mintur).\u2013 En un ambiente de alegr\u00eda y diversi\u00f3n, m\u00e1s de 500 personas del estado Miranda y el Distrito Capital disfrutaron este, jueves 23 de abril, de actividades recreativas en el Sistema Telef\u00e9rico Warairarepano. El programa, impulsado por el Ministerio del Poder Popular para el Turismo (Mintur), reafirma el compromiso del Gobierno Bolivariano, que garantiza el acceso de las familias venezolanas a los espacios naturales y culturales del pa\u00eds.<\/span><\/p>\n<p><span>El majestuoso atractivo sirvi\u00f3 de escenario para que ni\u00f1os, j\u00f3venes y adultos mayores vivieran una experiencia \u00fanica. Grupos pertenecientes al C.E.B.N \u00abCacica Ana Soto\u00bb; el Consejo Comunal \u00abLa Guairita\u201d; \u200ela Polic\u00eda Comunal de El Valle; el Museo de Ciencias Naturales; el Centro de Desarrollo para la Calidad Educativa; C.E.I.N \u00abBello Despertar\u00bb; Instituto Aut\u00f3nomo del Deporte y Recreaci\u00f3n del municipio Sucre; el Comit\u00e9 Patrimonial y Cultural \u00abMar\u00eda Borjas\u00bb; Misi\u00f3n Cultura y el Grupo de danzas \u00abQueens\u00bb se divirtieron en este lugar m\u00e1gico, donde el clima acogedor, atracciones y rica gastronom\u00eda, combinan para crear momentos inolvidables.<\/span><\/p>\n<p><span>\u200e\u00bbEste d\u00eda ha sido maravilloso para los ni\u00f1os, quienes han tenido la oportunidad de disfrutar por primera vez de todos los espacios y actividades que ofrece el parque, estamos muy agradecidos por est\u00e1s iniciativas que favorecen a las comunidades y escuelas\u00bb, destac\u00f3 Maria Eugenia Ramos, directora del C.E.I.M.B \u00abGiraluna\u00bb.<\/span><\/p>\n<p><span>Con estas acciones, que promueve la presidenta (E) Delcy Rodr\u00edguez y direccionadas desde Mintur, se fortalece el Turismo Social como una herramienta de inclusi\u00f3n y bienestar, que permite el disfrute gratuito y la sana convivencia de todos los venezolanos.<\/span><\/p>\n<p>[\/et_pb_text][\/et_pb_column][\/et_pb_row][\/et_pb_section]<\/p>\n","protected":false},"excerpt":{"rendered":"<p>Turismo Social garantiza el derecho a la recreaci\u00f3nM\u00e1s de 500 personas de Miranda y Distrito Capital disfrutaron de actividades recreativas en el Sistema Telef\u00e9rico Warairarepano. Caracas, 23.04.2026 (Prensa Mintur).\u2013 En [&hellip;]<\/p>\n","protected":false},"author":1,"featured_media":0,"parent":0,"menu_order":0,"comment_status":"closed","ping_status":"closed","template":"","meta":{"_et_pb_use_builder":"on","_et_pb_old_content":"","_et_gb_content_width":"","inline_featured_image":false,"_joinchat":[],"footnotes":""},"class_list":["post-14336","page","type-page","status-publish","hentry"],"_links":{"self":[{"href":"https:\/\/www.venetur.com\/index.php\/wp-json\/wp\/v2\/pages\/14336","targetHints":{"allow":["GET"]}}],"collection":[{"href":"https:\/\/www.venetur.com\/index.php\/wp-json\/wp\/v2\/pages"}],"about":[{"href":"https:\/\/www.venetur.com\/index.php\/wp-json\/wp\/v2\/types\/page"}],"author":[{"embeddable":true,"href":"https:\/\/www.venetur.com\/index.php\/wp-json\/wp\/v2\/users\/1"}],"replies":[{"embeddable":true,"href":"https:\/\/www.venetur.com\/index.php\/wp-json\/wp\/v2\/comments?post=14336"}],"version-history":[{"count":3,"href":"https:\/\/www.venetur.com\/index.php\/wp-json\/wp\/v2\/pages\/14336\/revisions"}],"predecessor-version":[{"id":14417,"href":"https:\/\/www.venetur.com\/index.php\/wp-json\/wp\/v2\/pages\/14336\/revisions\/14417"}],"wp:attachment":[{"href":"https:\/\/www.venetur.com\/index.php\/wp-json\/wp\/v2\/media?parent=14336"}],"curies":[{"name":"wp","href":"https:\/\/api.w.org\/{rel}","templated":true}]}}