{"id":14311,"date":"2026-05-12T10:53:39","date_gmt":"2026-05-12T14:53:39","guid":{"rendered":"https:\/\/www.venetur.com\/?page_id=14311"},"modified":"2026-05-12T10:54:03","modified_gmt":"2026-05-12T14:54:03","slug":"noticia-07-05-2026","status":"publish","type":"page","link":"https:\/\/www.venetur.com\/index.php\/noticia-07-05-2026\/","title":{"rendered":"Noticia 07\/05\/2026"},"content":{"rendered":"<p>[et_pb_section fb_built=\u00bb1&#8243; admin_label=\u00bbHeader\u00bb _builder_version=\u00bb4.27.5&#8243; _module_preset=\u00bbdefault\u00bb use_background_color_gradient=\u00bbon\u00bb background_color_gradient_stops=\u00bbrgba(34,34,34,0) 0%|gcid-1f9b0bb3-481a-49f1-9fe6-999fc3c3182b 100%\u00bb background_color_gradient_overlays_image=\u00bbon\u00bb background_image=\u00bbhttps:\/\/www.venetur.com\/wp-content\/uploads\/2026\/03\/5055403402384313229.jpg\u00bb custom_padding=\u00bb90px||90px||true|false\u00bb locked=\u00bboff\u00bb collapsed=\u00bbon\u00bb global_colors_info=\u00bb{%22gcid-1f9b0bb3-481a-49f1-9fe6-999fc3c3182b%22:%91%22background_color_gradient_stops%22%93}\u00bb][et_pb_row _builder_version=\u00bb4.20.0&#8243; _module_preset=\u00bbdefault\u00bb global_colors_info=\u00bb{}\u00bb][et_pb_column type=\u00bb4_4&#8243; _builder_version=\u00bb4.20.0&#8243; _module_preset=\u00bbdefault\u00bb global_colors_info=\u00bb{}\u00bb][et_pb_text _builder_version=\u00bb4.20.0&#8243; _module_preset=\u00bba33b5007-2e03-4cc8-91fc-4115ad4c8f26&#8243; header_text_color=\u00bb#FFFFFF\u00bb text_orientation=\u00bbcenter\u00bb custom_margin=\u00bb||10px||false|false\u00bb global_colors_info=\u00bb{}\u00bb][\/et_pb_text][\/et_pb_column][\/et_pb_row][\/et_pb_section][et_pb_section fb_built=\u00bb1&#8243; admin_label=\u00bbServices\u00bb _builder_version=\u00bb4.20.0&#8243; _module_preset=\u00bbdefault\u00bb background_color=\u00bbRGBA(255,255,255,0)\u00bb custom_padding=\u00bb0px||||false|false\u00bb collapsed=\u00bbon\u00bb global_colors_info=\u00bb{}\u00bb][et_pb_row custom_padding_last_edited=\u00bbon|phone\u00bb _builder_version=\u00bb4.27.5&#8243; _module_preset=\u00bbdefault\u00bb background_color=\u00bbgcid-86da69f8-ce43-4c42-8395-4abd58818e72&#8243; width=\u00bb73%\u00bb custom_margin=\u00bb-60px||||false|false\u00bb custom_padding=\u00bb60px|60px|60px|60px|true|true\u00bb custom_padding_tablet=\u00bb30px|30px|30px|30px|true|true\u00bb custom_padding_phone=\u00bb20px|20px|20px|20px|true|true\u00bb border_radii=\u00bbon|16px|16px|16px|16px\u00bb global_colors_info=\u00bb{%22gcid-86da69f8-ce43-4c42-8395-4abd58818e72%22:%91%22background_color%22%93}\u00bb][et_pb_column type=\u00bb4_4&#8243; _builder_version=\u00bb4.20.0&#8243; _module_preset=\u00bbdefault\u00bb global_colors_info=\u00bb{}\u00bb][et_pb_text content_tablet=\u00bb<\/p>\n<h1><strong data-entity-type=%22MessageEntityBold%22>Margarita se mantiene como el destino ideal en Semana Santa<\/strong><\/h1>\n<p>\u00bb content_phone=\u00bb<\/p>\n<h4><strong data-entity-type=%22MessageEntityBold%22>Margarita se mantiene como el destino ideal en Semana Santa<\/strong><\/h4>\n<p>\u00bb content_last_edited=\u00bbon|phone\u00bb _builder_version=\u00bb4.27.6&#8243; _module_preset=\u00bb91340e2b-a870-4e1c-b74d-9b8c47a361ea\u00bb custom_margin=\u00bb-28px||||false|false\u00bb custom_margin_tablet=\u00bb-28px||||false|false\u00bb custom_margin_phone=\u00bb0px||||false|false\u00bb custom_margin_last_edited=\u00bbon|phone\u00bb custom_padding=\u00bb0px||15px||false|false\u00bb global_colors_info=\u00bb{}\u00bb]<\/p>\n<h1><strong data-entity-type=\"MessageEntityBold\"><span>Ruta \u00e1rea Bogot\u00e1- Valencia potenciar\u00e1 el turismo receptivo a partir del 14 de julio<\/span><br \/><\/strong><\/h1>\n<p>[\/et_pb_text][et_pb_image src=\u00bbhttps:\/\/www.venetur.com\/wp-content\/uploads\/2026\/05\/20.jpg\u00bb title_text=\u00bb20&#8243; _builder_version=\u00bb4.27.6&#8243; _module_preset=\u00bbdefault\u00bb width=\u00bb93%\u00bb module_alignment=\u00bbcenter\u00bb hover_enabled=\u00bb0&#8243; box_shadow_style=\u00bbpreset2&#8243; global_colors_info=\u00bb{}\u00bb sticky_enabled=\u00bb0&#8243;][\/et_pb_image][et_pb_text _builder_version=\u00bb4.27.6&#8243; _module_preset=\u00bb0b36fe94-9250-4e7d-a80a-3c5ba7852df0&#8243; custom_margin=\u00bb0px||-2px||false|false\u00bb custom_padding=\u00bb35px||||false|false\u00bb hover_enabled=\u00bb0&#8243; global_colors_info=\u00bb{}\u00bb sticky_enabled=\u00bb0&#8243;]<\/p>\n<p style=\"text-align: justify;\"><span>A partir del 14 de julio comenzar\u00e1 a operar la nueva ruta a\u00e9rea Bogot\u00e1-Valencia con la aerol\u00ednea Wingo.<\/span><\/p>\n<p style=\"text-align: justify;\"><span>Valencia, 07.05.2026 (Prensa Mintur).- Con el fin de potenciar el turismo receptivo y estrechar lazos comerciales, este jueves 07 de mayo, se llev\u00f3 a cabo el anuncio oficial de la nueva ruta a\u00e9rea Bogot\u00e1-Valencia que opera la aerol\u00ednea colombiana Wingo. El lanzamiento, realizado en las instalaciones del Hotel Internacional Valencia, marca una etapa de dinamismo comercial y tur\u00edstico que inicia formalmente el pr\u00f3ximo 14 de julio.<\/p>\n<p>El evento cont\u00f3 con la presencia de las ministras de Turismo y Transporte, Daniella Cabello y Jacqueline Far\u00eda, respectivamente, junto al Gobernador del estado Carabobo, Rafael Lacava y representantes de la aerol\u00ednea Wingo. Las autoridades coincidieron en que este avance es fruto de una visi\u00f3n que promete dinamizar el flujo constante de viajeros y fortalecer la interconexi\u00f3n a\u00e9rea, entre ambas naciones.<\/p>\n<p>\u201cEsta nueva ruta visibiliza al pa\u00eds como un destino atractivo, diverso y seguro. La conexi\u00f3n con Bogot\u00e1 abrir\u00e1 puertas fundamentales para la inversi\u00f3n y la cooperaci\u00f3n internacional, posicionando al Aeropuerto Internacional Arturo Michelena como un eje estrat\u00e9gico del Caribe\u201d. La intenci\u00f3n es seguir expandiendo la conectividad, Venezuela cuenta 148 frecuencias semanales con diferentes pa\u00edses, afirm\u00f3 la ministra Cabello.<\/p>\n<p>Por su parte, el vicepresidente comercial de la aerol\u00ednea Wingo, Jorge Jim\u00e9nez, detall\u00f3 que el servicio contar\u00e1 con tres frecuencias semanales, martes, jueves y domingos. Adem\u00e1s, se\u00f1al\u00f3 que \u00abcon esta nueva ruta, Wingo reafirma su compromiso con el desarrollo de la conectividad a\u00e9rea en la regi\u00f3n, ofreciendo a los viajeros colombianos y venezolanos una opci\u00f3n accesible\u201d.<\/p>\n<p><strong data-entity-type=\"MessageEntityBold\">Impulso binacional<\/strong><\/p>\n<p>Estas acciones responden a las pol\u00edticas del turismo receptivo y la diplomacia entre ambas naciones, adem\u00e1s de la continuidad de la hermandad pol\u00edtica y diplom\u00e1tica impulsada por la presidenta encargada Delcy Rodr\u00edguez, y el presidente de la Rep\u00fablica Colombia, Gustavo Petro, tras su reciente encuentro.<\/p>\n<p>Al evento tambi\u00e9n asisti\u00f3 la viceministra de Turismo Nacional Nadia Mignogna, el viceministro de Turismo Internacional Marcos Medina, la alcaldesa de Valencia, Dina Castillo, el presidente del Inac, G\/D Edwin Reyes y la Autoridad \u00danica de Turismo, Alba Adrianza. As\u00ed como autoridades destacadas y Prestadores de Servicios Tur\u00edsticos de la regi\u00f3n carabobe\u00f1a, quienes apuestan por el crecimiento del sector.<\/span><\/p>\n<p>[\/et_pb_text][\/et_pb_column][\/et_pb_row][\/et_pb_section]<\/p>\n","protected":false},"excerpt":{"rendered":"<p>Ruta \u00e1rea Bogot\u00e1- Valencia potenciar\u00e1 el turismo receptivo a partir del 14 de julioA partir del 14 de julio comenzar\u00e1 a operar la nueva ruta a\u00e9rea Bogot\u00e1-Valencia con la aerol\u00ednea [&hellip;]<\/p>\n","protected":false},"author":1,"featured_media":0,"parent":0,"menu_order":0,"comment_status":"closed","ping_status":"closed","template":"","meta":{"_et_pb_use_builder":"on","_et_pb_old_content":"","_et_gb_content_width":"","inline_featured_image":false,"_joinchat":[],"footnotes":""},"class_list":["post-14311","page","type-page","status-publish","hentry"],"_links":{"self":[{"href":"https:\/\/www.venetur.com\/index.php\/wp-json\/wp\/v2\/pages\/14311","targetHints":{"allow":["GET"]}}],"collection":[{"href":"https:\/\/www.venetur.com\/index.php\/wp-json\/wp\/v2\/pages"}],"about":[{"href":"https:\/\/www.venetur.com\/index.php\/wp-json\/wp\/v2\/types\/page"}],"author":[{"embeddable":true,"href":"https:\/\/www.venetur.com\/index.php\/wp-json\/wp\/v2\/users\/1"}],"replies":[{"embeddable":true,"href":"https:\/\/www.venetur.com\/index.php\/wp-json\/wp\/v2\/comments?post=14311"}],"version-history":[{"count":3,"href":"https:\/\/www.venetur.com\/index.php\/wp-json\/wp\/v2\/pages\/14311\/revisions"}],"predecessor-version":[{"id":14316,"href":"https:\/\/www.venetur.com\/index.php\/wp-json\/wp\/v2\/pages\/14311\/revisions\/14316"}],"wp:attachment":[{"href":"https:\/\/www.venetur.com\/index.php\/wp-json\/wp\/v2\/media?parent=14311"}],"curies":[{"name":"wp","href":"https:\/\/api.w.org\/{rel}","templated":true}]}}