{"id":14054,"date":"2026-03-31T12:16:59","date_gmt":"2026-03-31T16:16:59","guid":{"rendered":"https:\/\/www.venetur.com\/?page_id=14054"},"modified":"2026-03-31T14:12:11","modified_gmt":"2026-03-31T18:12:11","slug":"noticia-30-03-26-2","status":"publish","type":"page","link":"https:\/\/www.venetur.com\/index.php\/noticia-30-03-26-2\/","title":{"rendered":"Noticia 30\/03\/26"},"content":{"rendered":"<p>[et_pb_section fb_built=\u00bb1&#8243; admin_label=\u00bbHeader\u00bb _builder_version=\u00bb4.27.5&#8243; _module_preset=\u00bbdefault\u00bb use_background_color_gradient=\u00bbon\u00bb background_color_gradient_stops=\u00bbrgba(34,34,34,0) 0%|gcid-1f9b0bb3-481a-49f1-9fe6-999fc3c3182b 100%\u00bb background_color_gradient_overlays_image=\u00bbon\u00bb background_image=\u00bbhttps:\/\/www.venetur.com\/wp-content\/uploads\/2026\/03\/5055403402384313229.jpg\u00bb custom_padding=\u00bb90px||90px||true|false\u00bb locked=\u00bboff\u00bb collapsed=\u00bbon\u00bb global_colors_info=\u00bb{%22gcid-1f9b0bb3-481a-49f1-9fe6-999fc3c3182b%22:%91%22background_color_gradient_stops%22%93}\u00bb][et_pb_row _builder_version=\u00bb4.20.0&#8243; _module_preset=\u00bbdefault\u00bb global_colors_info=\u00bb{}\u00bb][et_pb_column type=\u00bb4_4&#8243; _builder_version=\u00bb4.20.0&#8243; _module_preset=\u00bbdefault\u00bb global_colors_info=\u00bb{}\u00bb][et_pb_text _builder_version=\u00bb4.20.0&#8243; _module_preset=\u00bba33b5007-2e03-4cc8-91fc-4115ad4c8f26&#8243; header_text_color=\u00bb#FFFFFF\u00bb text_orientation=\u00bbcenter\u00bb custom_margin=\u00bb||10px||false|false\u00bb global_colors_info=\u00bb{}\u00bb][\/et_pb_text][\/et_pb_column][\/et_pb_row][\/et_pb_section][et_pb_section fb_built=\u00bb1&#8243; admin_label=\u00bbServices\u00bb _builder_version=\u00bb4.20.0&#8243; _module_preset=\u00bbdefault\u00bb background_color=\u00bbRGBA(255,255,255,0)\u00bb custom_padding=\u00bb0px||||false|false\u00bb collapsed=\u00bbon\u00bb global_colors_info=\u00bb{}\u00bb][et_pb_row custom_padding_last_edited=\u00bbon|phone\u00bb _builder_version=\u00bb4.27.5&#8243; _module_preset=\u00bbdefault\u00bb background_color=\u00bbgcid-86da69f8-ce43-4c42-8395-4abd58818e72&#8243; width=\u00bb73%\u00bb custom_margin=\u00bb-60px||||false|false\u00bb custom_padding=\u00bb60px|60px|60px|60px|true|true\u00bb custom_padding_tablet=\u00bb30px|30px|30px|30px|true|true\u00bb custom_padding_phone=\u00bb20px|20px|20px|20px|true|true\u00bb border_radii=\u00bbon|16px|16px|16px|16px\u00bb global_colors_info=\u00bb{%22gcid-86da69f8-ce43-4c42-8395-4abd58818e72%22:%91%22background_color%22%93}\u00bb][et_pb_column type=\u00bb4_4&#8243; _builder_version=\u00bb4.20.0&#8243; _module_preset=\u00bbdefault\u00bb global_colors_info=\u00bb{}\u00bb][et_pb_text _builder_version=\u00bb4.27.5&#8243; _module_preset=\u00bb91340e2b-a870-4e1c-b74d-9b8c47a361ea\u00bb custom_margin=\u00bb-28px||||false|false\u00bb custom_padding=\u00bb0px||15px||false|false\u00bb hover_enabled=\u00bb0&#8243; global_colors_info=\u00bb{}\u00bb content_last_edited=\u00bbon|phone\u00bb sticky_enabled=\u00bb0&#8243; content_phone=\u00bb<\/p>\n<h4><strong data-entity-type=%22MessageEntityBold%22>Estado Sucre listo para recibir a los turistas en la Semana Santa<\/strong><\/h4>\n<p>\u00bb custom_margin_last_edited=\u00bbon|phone\u00bb custom_margin_phone=\u00bb0px||||false|false\u00bb content_tablet=\u00bb<\/p>\n<h1><strong data-entity-type=%22MessageEntityBold%22>Estado Sucre listo para recibir a los turistas en la Semana Santa<\/strong><\/h1>\n<p>\u00bb custom_margin_tablet=\u00bb-28px||||false|false\u00bb]<\/p>\n<h1><strong data-entity-type=\"MessageEntityBold\">Estado Sucre listo para recibir a los turistas en la Semana Santa<\/strong><\/h1>\n<p>[\/et_pb_text][et_pb_image src=\u00bbhttps:\/\/www.venetur.com\/wp-content\/uploads\/2026\/03\/Estado-Sucre-listo-para-recibir-a-los-turistas-en-la-Semana-Santa.jpg\u00bb title_text=\u00bbEstado Sucre listo para recibir a los turistas en la Semana Santa.\u00bb _builder_version=\u00bb4.27.5&#8243; _module_preset=\u00bbdefault\u00bb width=\u00bb93%\u00bb module_alignment=\u00bbcenter\u00bb box_shadow_style=\u00bbpreset2&#8243; global_colors_info=\u00bb{}\u00bb][\/et_pb_image][et_pb_text _builder_version=\u00bb4.27.5&#8243; _module_preset=\u00bb0b36fe94-9250-4e7d-a80a-3c5ba7852df0&#8243; custom_margin=\u00bb0px||-2px||false|false\u00bb custom_padding=\u00bb35px||||false|false\u00bb global_colors_info=\u00bb{}\u00bb]<\/p>\n<p style=\"text-align: justify;\">El estado Sucre est\u00e1 listo para recibir a los turistas que se disponen a disfrutar del asueto de Semana Santa en un ambiente de sol, arena y calidez oriental.<\/p>\n<p style=\"text-align: justify;\">Con el fin de dinamizar el Motor Turismo en la regi\u00f3n, la presidenta de Venezolana de Turismo (Venetur), Dheliz \u00c1lvarez, recorri\u00f3 las instalaciones del Hotel Venetur Cuman\u00e1 y de la Marina, atendiendo orientaciones de la Presidenta (E) Delcy Rodr\u00edguez y la Ministra del Poder Popular para el Turismo, Daniella Cabello.<\/p>\n<p style=\"text-align: justify;\">\u00c1lvarez fue recibida por la Gobernadora Jhoanna Carrillo, en un c\u00e1lido reencuentro en el que se afianz\u00f3 el compromiso de trabajar mancomunadamente para promover al estado Sucre como parte de la oferta multidestino del pa\u00eds.<\/p>\n<p style=\"text-align: justify;\">La jornada sirvi\u00f3 para evaluar las oportunidades que ofrece la capital sucrense para avanzar hacia un turismo sostenible y de calidad.<\/p>\n<p>[\/et_pb_text][\/et_pb_column][\/et_pb_row][et_pb_row _builder_version=\u00bb4.27.5&#8243; _module_preset=\u00bbdefault\u00bb global_colors_info=\u00bb{}\u00bb][et_pb_column type=\u00bb4_4&#8243; _builder_version=\u00bb4.27.5&#8243; _module_preset=\u00bbdefault\u00bb global_colors_info=\u00bb{}\u00bb][et_pb_gallery gallery_ids=\u00bb14074,14073,14072,14071,14070,14069,14067&#8243; posts_number=\u00bb8&#8243; show_title_and_caption=\u00bboff\u00bb show_pagination=\u00bboff\u00bb _builder_version=\u00bb4.27.5&#8243; _module_preset=\u00bbdefault\u00bb global_colors_info=\u00bb{}\u00bb][\/et_pb_gallery][\/et_pb_column][\/et_pb_row][\/et_pb_section]<\/p>\n","protected":false},"excerpt":{"rendered":"<p>Estado Sucre listo para recibir a los turistas en la Semana SantaEl estado Sucre est\u00e1 listo para recibir a los turistas que se disponen a disfrutar del asueto de Semana [&hellip;]<\/p>\n","protected":false},"author":1,"featured_media":0,"parent":0,"menu_order":0,"comment_status":"closed","ping_status":"closed","template":"","meta":{"_et_pb_use_builder":"on","_et_pb_old_content":"","_et_gb_content_width":"","inline_featured_image":false,"_price":"","_stock":"","_tribe_ticket_header":"","_tribe_default_ticket_provider":"","_tribe_ticket_capacity":"0","_ticket_start_date":"","_ticket_end_date":"","_tribe_ticket_show_description":"","_tribe_ticket_show_not_going":false,"_tribe_ticket_use_global_stock":"","_tribe_ticket_global_stock_level":"","_global_stock_mode":"","_global_stock_cap":"","_tribe_rsvp_for_event":"","_tribe_ticket_going_count":"","_tribe_ticket_not_going_count":"","_tribe_tickets_list":"[]","_tribe_ticket_has_attendee_info_fields":false,"_joinchat":[],"footnotes":"","_tec_slr_enabled":"","_tec_slr_layout":""},"class_list":["post-14054","page","type-page","status-publish","hentry"],"ticketed":false,"_links":{"self":[{"href":"https:\/\/www.venetur.com\/index.php\/wp-json\/wp\/v2\/pages\/14054","targetHints":{"allow":["GET"]}}],"collection":[{"href":"https:\/\/www.venetur.com\/index.php\/wp-json\/wp\/v2\/pages"}],"about":[{"href":"https:\/\/www.venetur.com\/index.php\/wp-json\/wp\/v2\/types\/page"}],"author":[{"embeddable":true,"href":"https:\/\/www.venetur.com\/index.php\/wp-json\/wp\/v2\/users\/1"}],"replies":[{"embeddable":true,"href":"https:\/\/www.venetur.com\/index.php\/wp-json\/wp\/v2\/comments?post=14054"}],"version-history":[{"count":4,"href":"https:\/\/www.venetur.com\/index.php\/wp-json\/wp\/v2\/pages\/14054\/revisions"}],"predecessor-version":[{"id":14097,"href":"https:\/\/www.venetur.com\/index.php\/wp-json\/wp\/v2\/pages\/14054\/revisions\/14097"}],"wp:attachment":[{"href":"https:\/\/www.venetur.com\/index.php\/wp-json\/wp\/v2\/media?parent=14054"}],"curies":[{"name":"wp","href":"https:\/\/api.w.org\/{rel}","templated":true}]}}

<p>[et_pb_section fb_built=»1&#8243; admin_label=»Header» _builder_version=»4.27.5&#8243; _module_preset=»default» use_background_color_gradient=»on» background_color_gradient_stops=»rgba(34,34,34,0) 0%|gcid-1f9b0bb3-481a-49f1-9fe6-999fc3c3182b 100%» background_color_gradient_overlays_image=»on» background_image=»https://www.venetur.com/wp-content/uploads/2026/03/5055403402384313229.jpg» custom_padding=»90px||90px||true|false» locked=»off» collapsed=»on» global_colors_info=»{%22gcid-1f9b0bb3-481a-49f1-9fe6-999fc3c3182b%22:%91%22background_color_gradient_stops%22%93}»][et_pb_row _builder_version=»4.20.0&#8243; _module_preset=»default» global_colors_info=»{}»][et_pb_column type=»4_4&#8243; _builder_version=»4.20.0&#8243; _module_preset=»default» global_colors_info=»{}»][et_pb_text _builder_version=»4.20.0&#8243; _module_preset=»a33b5007-2e03-4cc8-91fc-4115ad4c8f26&#8243; header_text_color=»#FFFFFF» text_orientation=»center» custom_margin=»||10px||false|false» global_colors_info=»{}»][/et_pb_text][/et_pb_column][/et_pb_row][/et_pb_section][et_pb_section fb_built=»1&#8243; admin_label=»Services» _builder_version=»4.20.0&#8243; _module_preset=»default» background_color=»RGBA(255,255,255,0)» custom_padding=»0px||||false|false» collapsed=»on» global_colors_info=»{}»][et_pb_row custom_padding_last_edited=»on|phone» _builder_version=»4.27.5&#8243; _module_preset=»default» background_color=»gcid-86da69f8-ce43-4c42-8395-4abd58818e72&#8243; width=»73%» custom_margin=»-60px||||false|false» custom_padding=»60px|60px|60px|60px|true|true» custom_padding_tablet=»30px|30px|30px|30px|true|true» custom_padding_phone=»20px|20px|20px|20px|true|true» border_radii=»on|16px|16px|16px|16px» global_colors_info=»{%22gcid-86da69f8-ce43-4c42-8395-4abd58818e72%22:%91%22background_color%22%93}»][et_pb_column type=»4_4&#8243; _builder_version=»4.20.0&#8243; _module_preset=»default» global_colors_info=»{}»][et_pb_text _builder_version=»4.27.5&#8243; _module_preset=»91340e2b-a870-4e1c-b74d-9b8c47a361ea» custom_margin=»-28px||||false|false» custom_padding=»0px||15px||false|false» hover_enabled=»0&#8243; global_colors_info=»{}» content_last_edited=»on|phone» sticky_enabled=»0&#8243; content_phone=»</p>
<h4><strong data-entity-type=%22MessageEntityBold%22>Estado Sucre listo para recibir a los turistas en la Semana Santa</strong></h4>
<p>» custom_margin_last_edited=»on|phone» custom_margin_phone=»0px||||false|false» content_tablet=»</p>
<h1><strong data-entity-type=%22MessageEntityBold%22>Estado Sucre listo para recibir a los turistas en la Semana Santa</strong></h1>
<p>» custom_margin_tablet=»-28px||||false|false»]</p>
<h1><strong data-entity-type="MessageEntityBold">Estado Sucre listo para recibir a los turistas en la Semana Santa</strong></h1>
<p>[/et_pb_text][et_pb_image src=»https://www.venetur.com/wp-content/uploads/2026/03/Estado-Sucre-listo-para-recibir-a-los-turistas-en-la-Semana-Santa.jpg» title_text=»Estado Sucre listo para recibir a los turistas en la Semana Santa.» _builder_version=»4.27.5&#8243; _module_preset=»default» width=»93%» module_alignment=»center» box_shadow_style=»preset2&#8243; global_colors_info=»{}»][/et_pb_image][et_pb_text _builder_version=»4.27.5&#8243; _module_preset=»0b36fe94-9250-4e7d-a80a-3c5ba7852df0&#8243; custom_margin=»0px||-2px||false|false» custom_padding=»35px||||false|false» global_colors_info=»{}»]</p>
<p style="text-align: justify;">El estado Sucre está listo para recibir a los turistas que se disponen a disfrutar del asueto de Semana Santa en un ambiente de sol, arena y calidez oriental.</p>
<p style="text-align: justify;">Con el fin de dinamizar el Motor Turismo en la región, la presidenta de Venezolana de Turismo (Venetur), Dheliz Álvarez, recorrió las instalaciones del Hotel Venetur Cumaná y de la Marina, atendiendo orientaciones de la Presidenta (E) Delcy Rodríguez y la Ministra del Poder Popular para el Turismo, Daniella Cabello.</p>
<p style="text-align: justify;">Álvarez fue recibida por la Gobernadora Jhoanna Carrillo, en un cálido reencuentro en el que se afianzó el compromiso de trabajar mancomunadamente para promover al estado Sucre como parte de la oferta multidestino del país.</p>
<p style="text-align: justify;">La jornada sirvió para evaluar las oportunidades que ofrece la capital sucrense para avanzar hacia un turismo sostenible y de calidad.</p>
<p>[/et_pb_text][/et_pb_column][/et_pb_row][et_pb_row _builder_version=»4.27.5&#8243; _module_preset=»default» global_colors_info=»{}»][et_pb_column type=»4_4&#8243; _builder_version=»4.27.5&#8243; _module_preset=»default» global_colors_info=»{}»][et_pb_gallery gallery_ids=»14074,14073,14072,14071,14070,14069,14067&#8243; posts_number=»8&#8243; show_title_and_caption=»off» show_pagination=»off» _builder_version=»4.27.5&#8243; _module_preset=»default» global_colors_info=»{}»][/et_pb_gallery][/et_pb_column][/et_pb_row][/et_pb_section]</p>

<p>Estado Sucre listo para recibir a los turistas en la Semana SantaEl estado Sucre está listo para recibir a los turistas que se disponen a disfrutar del asueto de Semana [&hellip;]</p>
