{"id":13930,"date":"2026-03-30T16:15:24","date_gmt":"2026-03-30T20:15:24","guid":{"rendered":"https:\/\/www.venetur.com\/?page_id=13930"},"modified":"2026-03-30T16:15:43","modified_gmt":"2026-03-30T20:15:43","slug":"noticia-avanza-segunda-fase-de-mantenimiento-en-el-teleferico-mukumbari","status":"publish","type":"page","link":"https:\/\/www.venetur.com\/index.php\/noticia-avanza-segunda-fase-de-mantenimiento-en-el-teleferico-mukumbari\/","title":{"rendered":"Noticia:  Avanza segunda fase de mantenimiento en el Telef\u00e9rico Mukumbar\u00ed"},"content":{"rendered":"<p>[et_pb_section fb_built=\u00bb1&#8243; admin_label=\u00bbHeader\u00bb _builder_version=\u00bb4.27.5&#8243; _module_preset=\u00bbdefault\u00bb use_background_color_gradient=\u00bbon\u00bb background_color_gradient_stops=\u00bbrgba(34,34,34,0) 0%|gcid-1f9b0bb3-481a-49f1-9fe6-999fc3c3182b 100%\u00bb background_color_gradient_overlays_image=\u00bbon\u00bb background_image=\u00bbhttps:\/\/www.venetur.com\/wp-content\/uploads\/2026\/03\/5055403402384313229.jpg\u00bb custom_padding=\u00bb90px||90px||true|false\u00bb locked=\u00bboff\u00bb collapsed=\u00bbon\u00bb global_colors_info=\u00bb{%22gcid-1f9b0bb3-481a-49f1-9fe6-999fc3c3182b%22:%91%22background_color_gradient_stops%22%93}\u00bb][et_pb_row _builder_version=\u00bb4.20.0&#8243; _module_preset=\u00bbdefault\u00bb global_colors_info=\u00bb{}\u00bb][et_pb_column type=\u00bb4_4&#8243; _builder_version=\u00bb4.20.0&#8243; _module_preset=\u00bbdefault\u00bb global_colors_info=\u00bb{}\u00bb][et_pb_text _builder_version=\u00bb4.20.0&#8243; _module_preset=\u00bba33b5007-2e03-4cc8-91fc-4115ad4c8f26&#8243; header_text_color=\u00bb#FFFFFF\u00bb text_orientation=\u00bbcenter\u00bb custom_margin=\u00bb||10px||false|false\u00bb global_colors_info=\u00bb{}\u00bb][\/et_pb_text][\/et_pb_column][\/et_pb_row][\/et_pb_section][et_pb_section fb_built=\u00bb1&#8243; admin_label=\u00bbServices\u00bb _builder_version=\u00bb4.27.5&#8243; _module_preset=\u00bbdefault\u00bb background_color=\u00bbRGBA(255,255,255,0)\u00bb min_height=\u00bb1301.2px\u00bb custom_margin=\u00bb||-63px|||\u00bb custom_padding=\u00bb0px||||false|false\u00bb collapsed=\u00bbon\u00bb global_colors_info=\u00bb{}\u00bb][et_pb_row custom_padding_last_edited=\u00bbon|phone\u00bb _builder_version=\u00bb4.27.5&#8243; _module_preset=\u00bbdefault\u00bb background_color=\u00bbgcid-86da69f8-ce43-4c42-8395-4abd58818e72&#8243; width=\u00bb73%\u00bb custom_margin=\u00bb-60px||||false|false\u00bb custom_padding=\u00bb60px|60px|60px|60px|true|true\u00bb custom_padding_tablet=\u00bb30px|30px|30px|30px|true|true\u00bb custom_padding_phone=\u00bb20px|20px|20px|20px|true|true\u00bb border_radii=\u00bbon|16px|16px|16px|16px\u00bb global_colors_info=\u00bb{%22gcid-86da69f8-ce43-4c42-8395-4abd58818e72%22:%91%22background_color%22%93}\u00bb][et_pb_column type=\u00bb4_4&#8243; _builder_version=\u00bb4.20.0&#8243; _module_preset=\u00bbdefault\u00bb global_colors_info=\u00bb{}\u00bb][et_pb_text _builder_version=\u00bb4.27.5&#8243; _module_preset=\u00bb91340e2b-a870-4e1c-b74d-9b8c47a361ea\u00bb custom_margin=\u00bb-30px||6px||false|false\u00bb custom_padding=\u00bb15px||17px||false|false\u00bb global_colors_info=\u00bb{}\u00bb]<\/p>\n<h4><strong>Avanza segunda fase de mantenimiento en el Telef\u00e9rico Mukumbar\u00ed<\/strong><\/h4>\n<p>[\/et_pb_text][et_pb_image src=\u00bbhttps:\/\/www.venetur.com\/wp-content\/uploads\/2026\/03\/mantenimiento-en-el-Teleferico-Mukumbari.jpg\u00bb title_text=\u00bbmantenimiento en el Telef\u00e9rico Mukumbar\u00ed\u00bb _builder_version=\u00bb4.27.5&#8243; _module_preset=\u00bbdefault\u00bb width=\u00bb93%\u00bb module_alignment=\u00bbcenter\u00bb hover_enabled=\u00bb0&#8243; box_shadow_style=\u00bbpreset2&#8243; global_colors_info=\u00bb{}\u00bb sticky_enabled=\u00bb0&#8243;][\/et_pb_image][et_pb_text _builder_version=\u00bb4.27.5&#8243; _module_preset=\u00bb0b36fe94-9250-4e7d-a80a-3c5ba7852df0&#8243; custom_margin=\u00bb0px||-2px||false|false\u00bb custom_padding=\u00bb35px||||false|false\u00bb hover_enabled=\u00bb0&#8243; global_colors_info=\u00bb{}\u00bb sticky_enabled=\u00bb0&#8243;]<\/p>\n<p style=\"text-align: justify;\"><span>Caracas, 02.03.2026 (Prensa Mintur).\u2013 Con el objetivo de cumplir con los protocolos de seguridad y resguardo de la infraestructura tur\u00edstica nacional. Este 28 de febrero, un equipo especializado de Venezolana de Telef\u00e9ricos, inici\u00f3 los trabajos de revisi\u00f3n de vanguardia en el Sistema de Telef\u00e9ricos Mukumbar\u00ed, en el estado M\u00e9rida.<\/span><br \/><span>\u00a0<\/span><br \/><span>\u200eLa parada t\u00e9cnica, en su segunda fase busca la optimizaci\u00f3n de los componentes electromec\u00e1nicos con ajustes de 4to y 5to nivel que incluye el mantenimiento de motores, reductores y frenos, elementos cruciales para la circulaci\u00f3n eficiente de las cabinas. Esta etapa de prevenci\u00f3n permite alargar la vida \u00fatil de las maquinarias.<\/span><\/p>\n<p><span>\u200eEstas maniobras que ejecuta el Gobierno Nacional a trav\u00e9s de la gesti\u00f3n de la ministra de Turismo, Daniella Cabello se integran al plan de transformaci\u00f3n y cuidado de los activos tur\u00edsticos. De esta manera se garantiza seguridad, calidad y excelencia para el disfrute de propios y visitantes. <\/span><\/p>\n<p><span>Periodista: Gabriela Vivas<\/span><\/p>\n<p>[\/et_pb_text][\/et_pb_column][\/et_pb_row][et_pb_row _builder_version=\u00bb4.27.5&#8243; _module_preset=\u00bbdefault\u00bb global_colors_info=\u00bb{}\u00bb][et_pb_column type=\u00bb4_4&#8243; _builder_version=\u00bb4.27.5&#8243; _module_preset=\u00bbdefault\u00bb global_colors_info=\u00bb{}\u00bb][et_pb_image src=\u00bbhttps:\/\/www.venetur.com\/wp-content\/uploads\/2026\/03\/photo_5055480114795187072_y.jpg\u00bb title_text=\u00bbphoto_5055480114795187072_y\u00bb align=\u00bbcenter\u00bb _builder_version=\u00bb4.27.5&#8243; _module_preset=\u00bbdefault\u00bb width=\u00bb66%\u00bb max_width=\u00bb60%\u00bb custom_margin=\u00bb-1px||||false|false\u00bb custom_padding=\u00bb26px|13px||16px|false|false\u00bb hover_enabled=\u00bb0&#8243; global_colors_info=\u00bb{}\u00bb sticky_enabled=\u00bb0&#8243;][\/et_pb_image][\/et_pb_column][\/et_pb_row][\/et_pb_section]<\/p>\n","protected":false},"excerpt":{"rendered":"<p>Avanza segunda fase de mantenimiento en el Telef\u00e9rico Mukumbar\u00edCaracas, 02.03.2026 (Prensa Mintur).\u2013 Con el objetivo de cumplir con los protocolos de seguridad y resguardo de la infraestructura tur\u00edstica nacional. Este [&hellip;]<\/p>\n","protected":false},"author":1,"featured_media":0,"parent":0,"menu_order":0,"comment_status":"closed","ping_status":"closed","template":"","meta":{"_et_pb_use_builder":"on","_et_pb_old_content":"","_et_gb_content_width":"","inline_featured_image":false,"_price":"","_stock":"","_tribe_ticket_header":"","_tribe_default_ticket_provider":"","_tribe_ticket_capacity":"0","_ticket_start_date":"","_ticket_end_date":"","_tribe_ticket_show_description":"","_tribe_ticket_show_not_going":false,"_tribe_ticket_use_global_stock":"","_tribe_ticket_global_stock_level":"","_global_stock_mode":"","_global_stock_cap":"","_tribe_rsvp_for_event":"","_tribe_ticket_going_count":"","_tribe_ticket_not_going_count":"","_tribe_tickets_list":"[]","_tribe_ticket_has_attendee_info_fields":false,"_joinchat":[],"footnotes":"","_tec_slr_enabled":"","_tec_slr_layout":""},"class_list":["post-13930","page","type-page","status-publish","hentry"],"ticketed":false,"_links":{"self":[{"href":"https:\/\/www.venetur.com\/index.php\/wp-json\/wp\/v2\/pages\/13930","targetHints":{"allow":["GET"]}}],"collection":[{"href":"https:\/\/www.venetur.com\/index.php\/wp-json\/wp\/v2\/pages"}],"about":[{"href":"https:\/\/www.venetur.com\/index.php\/wp-json\/wp\/v2\/types\/page"}],"author":[{"embeddable":true,"href":"https:\/\/www.venetur.com\/index.php\/wp-json\/wp\/v2\/users\/1"}],"replies":[{"embeddable":true,"href":"https:\/\/www.venetur.com\/index.php\/wp-json\/wp\/v2\/comments?post=13930"}],"version-history":[{"count":2,"href":"https:\/\/www.venetur.com\/index.php\/wp-json\/wp\/v2\/pages\/13930\/revisions"}],"predecessor-version":[{"id":13943,"href":"https:\/\/www.venetur.com\/index.php\/wp-json\/wp\/v2\/pages\/13930\/revisions\/13943"}],"wp:attachment":[{"href":"https:\/\/www.venetur.com\/index.php\/wp-json\/wp\/v2\/media?parent=13930"}],"curies":[{"name":"wp","href":"https:\/\/api.w.org\/{rel}","templated":true}]}}

Noticia:  Avanza segunda fase de mantenimiento en el Teleférico Mukumbarí

<p>[et_pb_section fb_built=»1&#8243; admin_label=»Header» _builder_version=»4.27.5&#8243; _module_preset=»default» use_background_color_gradient=»on» background_color_gradient_stops=»rgba(34,34,34,0) 0%|gcid-1f9b0bb3-481a-49f1-9fe6-999fc3c3182b 100%» background_color_gradient_overlays_image=»on» background_image=»https://www.venetur.com/wp-content/uploads/2026/03/5055403402384313229.jpg» custom_padding=»90px||90px||true|false» locked=»off» collapsed=»on» global_colors_info=»{%22gcid-1f9b0bb3-481a-49f1-9fe6-999fc3c3182b%22:%91%22background_color_gradient_stops%22%93}»][et_pb_row _builder_version=»4.20.0&#8243; _module_preset=»default» global_colors_info=»{}»][et_pb_column type=»4_4&#8243; _builder_version=»4.20.0&#8243; _module_preset=»default» global_colors_info=»{}»][et_pb_text _builder_version=»4.20.0&#8243; _module_preset=»a33b5007-2e03-4cc8-91fc-4115ad4c8f26&#8243; header_text_color=»#FFFFFF» text_orientation=»center» custom_margin=»||10px||false|false» global_colors_info=»{}»][/et_pb_text][/et_pb_column][/et_pb_row][/et_pb_section][et_pb_section fb_built=»1&#8243; admin_label=»Services» _builder_version=»4.27.5&#8243; _module_preset=»default» background_color=»RGBA(255,255,255,0)» min_height=»1301.2px» custom_margin=»||-63px|||» custom_padding=»0px||||false|false» collapsed=»on» global_colors_info=»{}»][et_pb_row custom_padding_last_edited=»on|phone» _builder_version=»4.27.5&#8243; _module_preset=»default» background_color=»gcid-86da69f8-ce43-4c42-8395-4abd58818e72&#8243; width=»73%» custom_margin=»-60px||||false|false» custom_padding=»60px|60px|60px|60px|true|true» custom_padding_tablet=»30px|30px|30px|30px|true|true» custom_padding_phone=»20px|20px|20px|20px|true|true» border_radii=»on|16px|16px|16px|16px» global_colors_info=»{%22gcid-86da69f8-ce43-4c42-8395-4abd58818e72%22:%91%22background_color%22%93}»][et_pb_column type=»4_4&#8243; _builder_version=»4.20.0&#8243; _module_preset=»default» global_colors_info=»{}»][et_pb_text _builder_version=»4.27.5&#8243; _module_preset=»91340e2b-a870-4e1c-b74d-9b8c47a361ea» custom_margin=»-30px||6px||false|false» custom_padding=»15px||17px||false|false» global_colors_info=»{}»]</p>
<h4><strong>Avanza segunda fase de mantenimiento en el Teleférico Mukumbarí</strong></h4>
<p>[/et_pb_text][et_pb_image src=»https://www.venetur.com/wp-content/uploads/2026/03/mantenimiento-en-el-Teleferico-Mukumbari.jpg» title_text=»mantenimiento en el Teleférico Mukumbarí» _builder_version=»4.27.5&#8243; _module_preset=»default» width=»93%» module_alignment=»center» hover_enabled=»0&#8243; box_shadow_style=»preset2&#8243; global_colors_info=»{}» sticky_enabled=»0&#8243;][/et_pb_image][et_pb_text _builder_version=»4.27.5&#8243; _module_preset=»0b36fe94-9250-4e7d-a80a-3c5ba7852df0&#8243; custom_margin=»0px||-2px||false|false» custom_padding=»35px||||false|false» hover_enabled=»0&#8243; global_colors_info=»{}» sticky_enabled=»0&#8243;]</p>
<p style="text-align: justify;"><span>Caracas, 02.03.2026 (Prensa Mintur).– Con el objetivo de cumplir con los protocolos de seguridad y resguardo de la infraestructura turística nacional. Este 28 de febrero, un equipo especializado de Venezolana de Teleféricos, inició los trabajos de revisión de vanguardia en el Sistema de Teleféricos Mukumbarí, en el estado Mérida.</span><br /><span> </span><br /><span>‎La parada técnica, en su segunda fase busca la optimización de los componentes electromecánicos con ajustes de 4to y 5to nivel que incluye el mantenimiento de motores, reductores y frenos, elementos cruciales para la circulación eficiente de las cabinas. Esta etapa de prevención permite alargar la vida útil de las maquinarias.</span></p>
<p><span>‎Estas maniobras que ejecuta el Gobierno Nacional a través de la gestión de la ministra de Turismo, Daniella Cabello se integran al plan de transformación y cuidado de los activos turísticos. De esta manera se garantiza seguridad, calidad y excelencia para el disfrute de propios y visitantes. </span></p>
<p><span>Periodista: Gabriela Vivas</span></p>
<p>[/et_pb_text][/et_pb_column][/et_pb_row][et_pb_row _builder_version=»4.27.5&#8243; _module_preset=»default» global_colors_info=»{}»][et_pb_column type=»4_4&#8243; _builder_version=»4.27.5&#8243; _module_preset=»default» global_colors_info=»{}»][et_pb_image src=»https://www.venetur.com/wp-content/uploads/2026/03/photo_5055480114795187072_y.jpg» title_text=»photo_5055480114795187072_y» align=»center» _builder_version=»4.27.5&#8243; _module_preset=»default» width=»66%» max_width=»60%» custom_margin=»-1px||||false|false» custom_padding=»26px|13px||16px|false|false» hover_enabled=»0&#8243; global_colors_info=»{}» sticky_enabled=»0&#8243;][/et_pb_image][/et_pb_column][/et_pb_row][/et_pb_section]</p>

<p>Avanza segunda fase de mantenimiento en el Teleférico MukumbaríCaracas, 02.03.2026 (Prensa Mintur).– Con el objetivo de cumplir con los protocolos de seguridad y resguardo de la infraestructura turística nacional. Este [&hellip;]</p>
