{"id":13917,"date":"2026-03-30T16:55:18","date_gmt":"2026-03-30T20:55:18","guid":{"rendered":"https:\/\/www.venetur.com\/?page_id=13917"},"modified":"2026-03-30T16:55:19","modified_gmt":"2026-03-30T20:55:19","slug":"noticia-sostenible-morrocoy","status":"publish","type":"page","link":"https:\/\/www.venetur.com\/index.php\/noticia-sostenible-morrocoy\/","title":{"rendered":"Noticia sostenible morrocoy"},"content":{"rendered":"<p>[et_pb_section fb_built=\u00bb1&#8243; admin_label=\u00bbHeader\u00bb _builder_version=\u00bb4.27.5&#8243; _module_preset=\u00bbdefault\u00bb use_background_color_gradient=\u00bbon\u00bb background_color_gradient_stops=\u00bbrgba(34,34,34,0) 0%|gcid-1f9b0bb3-481a-49f1-9fe6-999fc3c3182b 100%\u00bb background_color_gradient_overlays_image=\u00bbon\u00bb background_image=\u00bbhttps:\/\/www.venetur.com\/wp-content\/uploads\/2026\/03\/5055403402384313229.jpg\u00bb custom_padding=\u00bb90px||90px||true|false\u00bb locked=\u00bboff\u00bb collapsed=\u00bbon\u00bb global_colors_info=\u00bb{%22gcid-1f9b0bb3-481a-49f1-9fe6-999fc3c3182b%22:%91%22background_color_gradient_stops%22%93}\u00bb][et_pb_row _builder_version=\u00bb4.20.0&#8243; _module_preset=\u00bbdefault\u00bb global_colors_info=\u00bb{}\u00bb][et_pb_column type=\u00bb4_4&#8243; _builder_version=\u00bb4.20.0&#8243; _module_preset=\u00bbdefault\u00bb global_colors_info=\u00bb{}\u00bb][et_pb_text _builder_version=\u00bb4.20.0&#8243; _module_preset=\u00bba33b5007-2e03-4cc8-91fc-4115ad4c8f26&#8243; header_text_color=\u00bb#FFFFFF\u00bb text_orientation=\u00bbcenter\u00bb custom_margin=\u00bb||10px||false|false\u00bb global_colors_info=\u00bb{}\u00bb][\/et_pb_text][\/et_pb_column][\/et_pb_row][\/et_pb_section][et_pb_section fb_built=\u00bb1&#8243; admin_label=\u00bbServices\u00bb _builder_version=\u00bb4.27.5&#8243; _module_preset=\u00bbdefault\u00bb background_color=\u00bbRGBA(255,255,255,0)\u00bb min_height=\u00bb1301.2px\u00bb custom_margin=\u00bb||-63px|||\u00bb custom_padding=\u00bb0px||||false|false\u00bb collapsed=\u00bbon\u00bb global_colors_info=\u00bb{}\u00bb][et_pb_row custom_padding_last_edited=\u00bbon|phone\u00bb _builder_version=\u00bb4.27.5&#8243; _module_preset=\u00bbdefault\u00bb background_color=\u00bbgcid-86da69f8-ce43-4c42-8395-4abd58818e72&#8243; width=\u00bb73%\u00bb custom_margin=\u00bb-60px||||false|false\u00bb custom_padding=\u00bb60px|60px|60px|60px|true|true\u00bb custom_padding_tablet=\u00bb30px|30px|30px|30px|true|true\u00bb custom_padding_phone=\u00bb20px|20px|20px|20px|true|true\u00bb border_radii=\u00bbon|16px|16px|16px|16px\u00bb global_colors_info=\u00bb{%22gcid-86da69f8-ce43-4c42-8395-4abd58818e72%22:%91%22background_color%22%93}\u00bb][et_pb_column type=\u00bb4_4&#8243; _builder_version=\u00bb4.20.0&#8243; _module_preset=\u00bbdefault\u00bb global_colors_info=\u00bb{}\u00bb][et_pb_text _builder_version=\u00bb4.27.5&#8243; _module_preset=\u00bb91340e2b-a870-4e1c-b74d-9b8c47a361ea\u00bb custom_margin=\u00bb-30px||6px||false|false\u00bb custom_padding=\u00bb15px||17px||false|false\u00bb global_colors_info=\u00bb{}\u00bb]<\/p>\n<h4><strong data-entity-type=\"MessageEntityBold\">Gobierno Nacional promueve turismo sostenible en Morrocoy<\/strong><\/h4>\n<p>[\/et_pb_text][et_pb_image src=\u00bbhttps:\/\/www.venetur.com\/wp-content\/uploads\/2026\/03\/Gobierno-Nacional-promueve-turismo-sostenible-en-Morrocoy.jpg\u00bb title_text=\u00bbGobierno Nacional promueve turismo sostenible en Morrocoy\u00bb _builder_version=\u00bb4.27.5&#8243; _module_preset=\u00bbdefault\u00bb width=\u00bb93%\u00bb module_alignment=\u00bbcenter\u00bb hover_enabled=\u00bb0&#8243; box_shadow_style=\u00bbpreset2&#8243; global_colors_info=\u00bb{}\u00bb sticky_enabled=\u00bb0&#8243;][\/et_pb_image][et_pb_text _builder_version=\u00bb4.27.5&#8243; _module_preset=\u00bb0b36fe94-9250-4e7d-a80a-3c5ba7852df0&#8243; custom_margin=\u00bb0px||-2px||false|false\u00bb custom_padding=\u00bb35px||||false|false\u00bb hover_enabled=\u00bb0&#8243; global_colors_info=\u00bb{}\u00bb sticky_enabled=\u00bb0&#8243;]<\/p>\n<div id=\"message-210\" class=\"Message message-list-item allow-selection shown open\" data-message-id=\"210\">\n<div class=\"message-content-wrapper can-select-text\">\n<div class=\"message-content peer-color-3 text has-shadow has-solid-background has-footer\" dir=\"auto\">\n<div class=\"content-inner\" dir=\"auto\">\n<div class=\"text-content clearfix with-meta\" dir=\"auto\">\n<p>Caracas, 09.03.2026 (Prensa Mintur).- Con el objetivo de garantizar los servicios en el parque nacional Morrocoy, este viernes 06 de marzo, la ministra del Poder Popular para el Turismo, Daniella Cabello, sostuvo un encuentro con Prestadores de Servicios y autoridades del estado Falc\u00f3n. En esta asamblea se establecieron estrategias para el desarrollo de un turismo sustentable.<\/p>\n<p>En compa\u00f1\u00eda del gobernador V\u00edctor Clark, la presidenta del Instituto Nacional de Parques Rosin\u00e9s Ch\u00e1vez, y el presidente del Instituto Nacional de los Espacios Acu\u00e1ticos (INEA), Germ\u00e1n G\u00f3mez L\u00e1rez, se instal\u00f3 una mesa de trabajo para asegurar que cada acci\u00f3n, se traduzca en bienestar para el visitante, protecci\u00f3n del ambiente y desarrollo econ\u00f3mico en este eje costero. \u201cHemos venido organizando estas reuniones para intercambiar experiencias y necesidades que tienen nuestros Prestadores de Servicios Tur\u00edsticos (PST), es la primera vez que vemos a tantas instituciones p\u00fablicas dispuestas a sumarse por un turismo en equilibrio con el disfrute y el derecho a la recreaci\u00f3n y la necesidad de la preservaci\u00f3n del medio ambiente\u201d, explic\u00f3 Cabello.<\/p>\n<p>En este contexto, la titular de la cartera tur\u00edstica asegur\u00f3 que el Parque Nacional Morrocoy estar\u00e1 abierto a los turistas, \u201cvengan a conocerlo pero con conciencia ambiental, vamos a censar a los PST a trav\u00e9s de un proceso formativo y de sensibilizaci\u00f3n\u201d. Agreg\u00f3 que la meta es lograr un turismo sostenible en este reservorio natural.<\/p>\n<p>Por su parte, el gobernador de la entidad falconiana indic\u00f3 que durante este encuentro se escucharon propuestas que permiten fortalecer la labor de preservaci\u00f3n y uso del Parque Nacional, \u201cparticiparon los PST, marinas, lancheros, pescadores, guardaparques y dem\u00e1s instituciones involucradas\u201d. Asegur\u00f3 que todos los equipos de trabajo tienen la responsabilidad compartida de lograr un turismo en armon\u00eda con la naturaleza y al mismo tiempo una econom\u00eda social con la actividad tur\u00edstica y de recreaci\u00f3n sana para el disfrute de quienes lo visitan.<\/p>\n<p>Periodista: Aura Astudillo<span class=\"MessageMeta\" dir=\"ltr\" data-ignore-on-paste=\"true\"><span class=\"message-time\" title=\"Mar 27, 2026, 13:27:56\"><\/span><\/span><\/div>\n<\/div>\n<div class=\"message-action-buttons-container\">\n<div class=\"message-action-buttons-sticky-zone\">\n<div class=\"message-action-buttons message-action-button-sticky\"><\/div>\n<\/div>\n<div class=\"message-action-buttons\"><\/div>\n<\/div>\n<div class=\"quick-reaction no-selection\">\n<div class=\"ReactionStaticEmoji\"><\/div>\n<\/div>\n<\/div>\n<\/div>\n<\/div>\n<div id=\"message-211\" class=\"Message message-list-item allow-selection shown open\" data-message-id=\"211\">\n<div class=\"bottom-marker\" data-message-id=\"211\" data-should-update-views=\"false\"><\/div>\n<div class=\"message-content-wrapper can-select-text\">\n<div class=\"message-content peer-color-3 no-text media has-shadow no-footer\" dir=\"auto\">\n<div class=\"content-inner\" dir=\"auto\">\n<div class=\"media-inner interactive\"><\/div>\n<\/div>\n<p><span class=\"MessageMeta\" dir=\"ltr\" data-ignore-on-paste=\"true\"><span class=\"message-time\"><\/span><\/span><\/p>\n<div class=\"message-action-buttons-container\"><\/div>\n<\/div>\n<\/div>\n<\/div>\n<p>[\/et_pb_text][\/et_pb_column][\/et_pb_row][\/et_pb_section]<\/p>\n","protected":false},"excerpt":{"rendered":"<p>Gobierno Nacional promueve turismo sostenible en Morrocoy Caracas, 09.03.2026 (Prensa Mintur).- Con el objetivo de garantizar los servicios en el parque nacional Morrocoy, este viernes 06 de marzo, la ministra [&hellip;]<\/p>\n","protected":false},"author":1,"featured_media":0,"parent":0,"menu_order":0,"comment_status":"closed","ping_status":"closed","template":"","meta":{"_et_pb_use_builder":"on","_et_pb_old_content":"","_et_gb_content_width":"","inline_featured_image":false,"_price":"","_stock":"","_tribe_ticket_header":"","_tribe_default_ticket_provider":"","_tribe_ticket_capacity":"0","_ticket_start_date":"","_ticket_end_date":"","_tribe_ticket_show_description":"","_tribe_ticket_show_not_going":false,"_tribe_ticket_use_global_stock":"","_tribe_ticket_global_stock_level":"","_global_stock_mode":"","_global_stock_cap":"","_tribe_rsvp_for_event":"","_tribe_ticket_going_count":"","_tribe_ticket_not_going_count":"","_tribe_tickets_list":"[]","_tribe_ticket_has_attendee_info_fields":false,"_joinchat":[],"footnotes":"","_tec_slr_enabled":"","_tec_slr_layout":""},"class_list":["post-13917","page","type-page","status-publish","hentry"],"ticketed":false,"_links":{"self":[{"href":"https:\/\/www.venetur.com\/index.php\/wp-json\/wp\/v2\/pages\/13917","targetHints":{"allow":["GET"]}}],"collection":[{"href":"https:\/\/www.venetur.com\/index.php\/wp-json\/wp\/v2\/pages"}],"about":[{"href":"https:\/\/www.venetur.com\/index.php\/wp-json\/wp\/v2\/types\/page"}],"author":[{"embeddable":true,"href":"https:\/\/www.venetur.com\/index.php\/wp-json\/wp\/v2\/users\/1"}],"replies":[{"embeddable":true,"href":"https:\/\/www.venetur.com\/index.php\/wp-json\/wp\/v2\/comments?post=13917"}],"version-history":[{"count":1,"href":"https:\/\/www.venetur.com\/index.php\/wp-json\/wp\/v2\/pages\/13917\/revisions"}],"predecessor-version":[{"id":13981,"href":"https:\/\/www.venetur.com\/index.php\/wp-json\/wp\/v2\/pages\/13917\/revisions\/13981"}],"wp:attachment":[{"href":"https:\/\/www.venetur.com\/index.php\/wp-json\/wp\/v2\/media?parent=13917"}],"curies":[{"name":"wp","href":"https:\/\/api.w.org\/{rel}","templated":true}]}}

<p>[et_pb_section fb_built=»1&#8243; admin_label=»Header» _builder_version=»4.27.5&#8243; _module_preset=»default» use_background_color_gradient=»on» background_color_gradient_stops=»rgba(34,34,34,0) 0%|gcid-1f9b0bb3-481a-49f1-9fe6-999fc3c3182b 100%» background_color_gradient_overlays_image=»on» background_image=»https://www.venetur.com/wp-content/uploads/2026/03/5055403402384313229.jpg» custom_padding=»90px||90px||true|false» locked=»off» collapsed=»on» global_colors_info=»{%22gcid-1f9b0bb3-481a-49f1-9fe6-999fc3c3182b%22:%91%22background_color_gradient_stops%22%93}»][et_pb_row _builder_version=»4.20.0&#8243; _module_preset=»default» global_colors_info=»{}»][et_pb_column type=»4_4&#8243; _builder_version=»4.20.0&#8243; _module_preset=»default» global_colors_info=»{}»][et_pb_text _builder_version=»4.20.0&#8243; _module_preset=»a33b5007-2e03-4cc8-91fc-4115ad4c8f26&#8243; header_text_color=»#FFFFFF» text_orientation=»center» custom_margin=»||10px||false|false» global_colors_info=»{}»][/et_pb_text][/et_pb_column][/et_pb_row][/et_pb_section][et_pb_section fb_built=»1&#8243; admin_label=»Services» _builder_version=»4.27.5&#8243; _module_preset=»default» background_color=»RGBA(255,255,255,0)» min_height=»1301.2px» custom_margin=»||-63px|||» custom_padding=»0px||||false|false» collapsed=»on» global_colors_info=»{}»][et_pb_row custom_padding_last_edited=»on|phone» _builder_version=»4.27.5&#8243; _module_preset=»default» background_color=»gcid-86da69f8-ce43-4c42-8395-4abd58818e72&#8243; width=»73%» custom_margin=»-60px||||false|false» custom_padding=»60px|60px|60px|60px|true|true» custom_padding_tablet=»30px|30px|30px|30px|true|true» custom_padding_phone=»20px|20px|20px|20px|true|true» border_radii=»on|16px|16px|16px|16px» global_colors_info=»{%22gcid-86da69f8-ce43-4c42-8395-4abd58818e72%22:%91%22background_color%22%93}»][et_pb_column type=»4_4&#8243; _builder_version=»4.20.0&#8243; _module_preset=»default» global_colors_info=»{}»][et_pb_text _builder_version=»4.27.5&#8243; _module_preset=»91340e2b-a870-4e1c-b74d-9b8c47a361ea» custom_margin=»-30px||6px||false|false» custom_padding=»15px||17px||false|false» global_colors_info=»{}»]</p>
<h4><strong data-entity-type="MessageEntityBold">Gobierno Nacional promueve turismo sostenible en Morrocoy</strong></h4>
<p>[/et_pb_text][et_pb_image src=»https://www.venetur.com/wp-content/uploads/2026/03/Gobierno-Nacional-promueve-turismo-sostenible-en-Morrocoy.jpg» title_text=»Gobierno Nacional promueve turismo sostenible en Morrocoy» _builder_version=»4.27.5&#8243; _module_preset=»default» width=»93%» module_alignment=»center» hover_enabled=»0&#8243; box_shadow_style=»preset2&#8243; global_colors_info=»{}» sticky_enabled=»0&#8243;][/et_pb_image][et_pb_text _builder_version=»4.27.5&#8243; _module_preset=»0b36fe94-9250-4e7d-a80a-3c5ba7852df0&#8243; custom_margin=»0px||-2px||false|false» custom_padding=»35px||||false|false» hover_enabled=»0&#8243; global_colors_info=»{}» sticky_enabled=»0&#8243;]</p>
<div id="message-210" class="Message message-list-item allow-selection shown open" data-message-id="210">
<div class="message-content-wrapper can-select-text">
<div class="message-content peer-color-3 text has-shadow has-solid-background has-footer" dir="auto">
<div class="content-inner" dir="auto">
<div class="text-content clearfix with-meta" dir="auto">
<p>Caracas, 09.03.2026 (Prensa Mintur).- Con el objetivo de garantizar los servicios en el parque nacional Morrocoy, este viernes 06 de marzo, la ministra del Poder Popular para el Turismo, Daniella Cabello, sostuvo un encuentro con Prestadores de Servicios y autoridades del estado Falcón. En esta asamblea se establecieron estrategias para el desarrollo de un turismo sustentable.</p>
<p>En compañía del gobernador Víctor Clark, la presidenta del Instituto Nacional de Parques Rosinés Chávez, y el presidente del Instituto Nacional de los Espacios Acuáticos (INEA), Germán Gómez Lárez, se instaló una mesa de trabajo para asegurar que cada acción, se traduzca en bienestar para el visitante, protección del ambiente y desarrollo económico en este eje costero. “Hemos venido organizando estas reuniones para intercambiar experiencias y necesidades que tienen nuestros Prestadores de Servicios Turísticos (PST), es la primera vez que vemos a tantas instituciones públicas dispuestas a sumarse por un turismo en equilibrio con el disfrute y el derecho a la recreación y la necesidad de la preservación del medio ambiente”, explicó Cabello.</p>
<p>En este contexto, la titular de la cartera turística aseguró que el Parque Nacional Morrocoy estará abierto a los turistas, “vengan a conocerlo pero con conciencia ambiental, vamos a censar a los PST a través de un proceso formativo y de sensibilización”. Agregó que la meta es lograr un turismo sostenible en este reservorio natural.</p>
<p>Por su parte, el gobernador de la entidad falconiana indicó que durante este encuentro se escucharon propuestas que permiten fortalecer la labor de preservación y uso del Parque Nacional, “participaron los PST, marinas, lancheros, pescadores, guardaparques y demás instituciones involucradas”. Aseguró que todos los equipos de trabajo tienen la responsabilidad compartida de lograr un turismo en armonía con la naturaleza y al mismo tiempo una economía social con la actividad turística y de recreación sana para el disfrute de quienes lo visitan.</p>
<p>Periodista: Aura Astudillo<span class="MessageMeta" dir="ltr" data-ignore-on-paste="true"><span class="message-time" title="Mar 27, 2026, 13:27:56"></span></span></div>
</div>
<div class="message-action-buttons-container">
<div class="message-action-buttons-sticky-zone">
<div class="message-action-buttons message-action-button-sticky"></div>
</div>
<div class="message-action-buttons"></div>
</div>
<div class="quick-reaction no-selection">
<div class="ReactionStaticEmoji"></div>
</div>
</div>
</div>
</div>
<div id="message-211" class="Message message-list-item allow-selection shown open" data-message-id="211">
<div class="bottom-marker" data-message-id="211" data-should-update-views="false"></div>
<div class="message-content-wrapper can-select-text">
<div class="message-content peer-color-3 no-text media has-shadow no-footer" dir="auto">
<div class="content-inner" dir="auto">
<div class="media-inner interactive"></div>
</div>
<p><span class="MessageMeta" dir="ltr" data-ignore-on-paste="true"><span class="message-time"></span></span></p>
<div class="message-action-buttons-container"></div>
</div>
</div>
</div>
<p>[/et_pb_text][/et_pb_column][/et_pb_row][/et_pb_section]</p>
