{"id":13904,"date":"2026-03-30T15:59:20","date_gmt":"2026-03-30T19:59:20","guid":{"rendered":"https:\/\/www.venetur.com\/?page_id=13904"},"modified":"2026-03-30T15:59:32","modified_gmt":"2026-03-30T19:59:32","slug":"noticia-pst-falcon","status":"publish","type":"page","link":"https:\/\/www.venetur.com\/index.php\/noticia-pst-falcon\/","title":{"rendered":"Noticia PST FALC\u00d3N"},"content":{"rendered":"<p>[et_pb_section fb_built=\u00bb1&#8243; admin_label=\u00bbHeader\u00bb _builder_version=\u00bb4.27.5&#8243; _module_preset=\u00bbdefault\u00bb use_background_color_gradient=\u00bbon\u00bb background_color_gradient_stops=\u00bbrgba(34,34,34,0) 0%|gcid-1f9b0bb3-481a-49f1-9fe6-999fc3c3182b 100%\u00bb background_color_gradient_overlays_image=\u00bbon\u00bb background_image=\u00bbhttps:\/\/www.venetur.com\/wp-content\/uploads\/2026\/03\/5055403402384313229.jpg\u00bb custom_padding=\u00bb90px||90px||true|false\u00bb locked=\u00bboff\u00bb collapsed=\u00bbon\u00bb global_colors_info=\u00bb{%22gcid-1f9b0bb3-481a-49f1-9fe6-999fc3c3182b%22:%91%22background_color_gradient_stops%22%93}\u00bb][et_pb_row _builder_version=\u00bb4.20.0&#8243; _module_preset=\u00bbdefault\u00bb global_colors_info=\u00bb{}\u00bb][et_pb_column type=\u00bb4_4&#8243; _builder_version=\u00bb4.20.0&#8243; _module_preset=\u00bbdefault\u00bb global_colors_info=\u00bb{}\u00bb][et_pb_text _builder_version=\u00bb4.20.0&#8243; _module_preset=\u00bba33b5007-2e03-4cc8-91fc-4115ad4c8f26&#8243; header_text_color=\u00bb#FFFFFF\u00bb text_orientation=\u00bbcenter\u00bb custom_margin=\u00bb||10px||false|false\u00bb global_colors_info=\u00bb{}\u00bb][\/et_pb_text][\/et_pb_column][\/et_pb_row][\/et_pb_section][et_pb_section fb_built=\u00bb1&#8243; admin_label=\u00bbServices\u00bb _builder_version=\u00bb4.27.5&#8243; _module_preset=\u00bbdefault\u00bb background_color=\u00bbRGBA(255,255,255,0)\u00bb min_height=\u00bb1301.2px\u00bb custom_margin=\u00bb||-63px|||\u00bb custom_padding=\u00bb0px||||false|false\u00bb collapsed=\u00bbon\u00bb global_colors_info=\u00bb{}\u00bb][et_pb_row custom_padding_last_edited=\u00bbon|phone\u00bb _builder_version=\u00bb4.27.5&#8243; _module_preset=\u00bbdefault\u00bb background_color=\u00bbgcid-86da69f8-ce43-4c42-8395-4abd58818e72&#8243; width=\u00bb73%\u00bb custom_margin=\u00bb-60px||||false|false\u00bb custom_padding=\u00bb60px|60px|60px|60px|true|true\u00bb custom_padding_tablet=\u00bb30px|30px|30px|30px|true|true\u00bb custom_padding_phone=\u00bb20px|20px|20px|20px|true|true\u00bb border_radii=\u00bbon|16px|16px|16px|16px\u00bb global_colors_info=\u00bb{%22gcid-86da69f8-ce43-4c42-8395-4abd58818e72%22:%91%22background_color%22%93}\u00bb][et_pb_column type=\u00bb4_4&#8243; _builder_version=\u00bb4.20.0&#8243; _module_preset=\u00bbdefault\u00bb global_colors_info=\u00bb{}\u00bb][et_pb_text _builder_version=\u00bb4.27.5&#8243; _module_preset=\u00bb91340e2b-a870-4e1c-b74d-9b8c47a361ea\u00bb custom_margin=\u00bb-30px||6px||false|false\u00bb custom_padding=\u00bb15px||17px||false|false\u00bb global_colors_info=\u00bb{}\u00bb]<\/p>\n<h4><strong>PST de Falc\u00f3n elevan est\u00e1ndares de calidad y servicio<\/strong><\/h4>\n<p>[\/et_pb_text][et_pb_image src=\u00bbhttps:\/\/www.venetur.com\/wp-content\/uploads\/2026\/03\/PST-de-Falcon-elevan-estandares-de-calidad-y-servicio.jpg\u00bb title_text=\u00bbPST de Falc\u00f3n elevan est\u00e1ndares de calidad y servicio\u00bb _builder_version=\u00bb4.27.5&#8243; _module_preset=\u00bbdefault\u00bb width=\u00bb93%\u00bb module_alignment=\u00bbcenter\u00bb hover_enabled=\u00bb0&#8243; box_shadow_style=\u00bbpreset2&#8243; global_colors_info=\u00bb{}\u00bb sticky_enabled=\u00bb0&#8243;][\/et_pb_image][et_pb_text _builder_version=\u00bb4.27.5&#8243; _module_preset=\u00bb0b36fe94-9250-4e7d-a80a-3c5ba7852df0&#8243; custom_margin=\u00bb0px||-2px||false|false\u00bb custom_padding=\u00bb35px||||false|false\u00bb hover_enabled=\u00bb0&#8243; global_colors_info=\u00bb{}\u00bb sticky_enabled=\u00bb0&#8243;]<\/p>\n<p style=\"text-align: justify;\"><span>Caracas, 10.03.2026 (Prensa Mintur). \u2013 Con el objetivo de optimizar la atenci\u00f3n en los principales atractivos naturales de Falc\u00f3n, los ministerios de Turismo y Ecosocialismo, junto a Inparques, ejecutan un plan de formaci\u00f3n dirigido a Prestadores de Servicio Tur\u00edstico (PST) de la entidad. La iniciativa busca consolidar un modelo de turismo sostenible en la regi\u00f3n. <\/span><\/p>\n<p style=\"text-align: justify;\"><span>\u200eReinaldo Lejed, PST de esta zona, se\u00f1al\u00f3 que esta formaci\u00f3n es clave para aplicar nuevos m\u00e9todos que promuevan el respeto al ecosistema. \u00abEstamos agradecidos por estos conocimientos que nos permiten elevar la labor que desempe\u00f1amos y ofrecer un servicio con mayores est\u00e1ndares de calidad\u00bb, afirm\u00f3.<\/span><\/p>\n<p style=\"text-align: justify;\"><span>Por su parte, la brigadista Emily Lejed enfatiz\u00f3 la visi\u00f3n internacional del proyecto. \u00abNos preparamos para atender al turista de forma \u00f3ptima y proteger nuestro parque. Queremos que el turismo no sea solo nacional, sino que atraiga a visitantes de todo el mundo\u00bb, puntualiz\u00f3.<\/span><\/p>\n<p style=\"text-align: justify;\"><span>De igual forma, la comerciante Mairyn Blanco calific\u00f3 la experiencia como enriquecedora. \u00abSuperamos nuestras expectativas. Nos nutrimos de informaci\u00f3n vital para nuestro d\u00eda a d\u00eda y para la conservaci\u00f3n del h\u00e1bitat, que es nuestra fuente de trabajo\u00bb, concluy\u00f3.<\/span><\/p>\n<p style=\"text-align: justify;\"><span>El despliegue, centrado en el Parque Nacional Morrocoy, permite que brigadistas y trabajadores locales actualicen sus conocimientos en \u00e1reas de servicio y preservaci\u00f3n ambiental. Con este ciclo formativo, que promueve la ministra de Turismo, Daniella Cabello, junto a un equipo multidisciplinario se reafirma el compromiso del Estado de brindar herramientas a los emprendimientos y comunidades organizadas para mejorar la experiencia de los viajeros. Igualmente, se fortalece el desarrollo local, lo que tributa directamente a la dinamizaci\u00f3n de la econom\u00eda local.<\/span><\/p>\n<p style=\"text-align: justify;\"><span>Periodista: Gisselle Torres<\/span><\/p>\n<p>[\/et_pb_text][\/et_pb_column][\/et_pb_row][\/et_pb_section]<\/p>\n","protected":false},"excerpt":{"rendered":"<p>PST de Falc\u00f3n elevan est\u00e1ndares de calidad y servicioCaracas, 10.03.2026 (Prensa Mintur). \u2013 Con el objetivo de optimizar la atenci\u00f3n en los principales atractivos naturales de Falc\u00f3n, los ministerios de [&hellip;]<\/p>\n","protected":false},"author":1,"featured_media":0,"parent":0,"menu_order":0,"comment_status":"closed","ping_status":"closed","template":"","meta":{"_et_pb_use_builder":"on","_et_pb_old_content":"","_et_gb_content_width":"","inline_featured_image":false,"_price":"","_stock":"","_tribe_ticket_header":"","_tribe_default_ticket_provider":"","_tribe_ticket_capacity":"0","_ticket_start_date":"","_ticket_end_date":"","_tribe_ticket_show_description":"","_tribe_ticket_show_not_going":false,"_tribe_ticket_use_global_stock":"","_tribe_ticket_global_stock_level":"","_global_stock_mode":"","_global_stock_cap":"","_tribe_rsvp_for_event":"","_tribe_ticket_going_count":"","_tribe_ticket_not_going_count":"","_tribe_tickets_list":"[]","_tribe_ticket_has_attendee_info_fields":false,"_joinchat":[],"footnotes":"","_tec_slr_enabled":"","_tec_slr_layout":""},"class_list":["post-13904","page","type-page","status-publish","hentry"],"ticketed":false,"_links":{"self":[{"href":"https:\/\/www.venetur.com\/index.php\/wp-json\/wp\/v2\/pages\/13904","targetHints":{"allow":["GET"]}}],"collection":[{"href":"https:\/\/www.venetur.com\/index.php\/wp-json\/wp\/v2\/pages"}],"about":[{"href":"https:\/\/www.venetur.com\/index.php\/wp-json\/wp\/v2\/types\/page"}],"author":[{"embeddable":true,"href":"https:\/\/www.venetur.com\/index.php\/wp-json\/wp\/v2\/users\/1"}],"replies":[{"embeddable":true,"href":"https:\/\/www.venetur.com\/index.php\/wp-json\/wp\/v2\/comments?post=13904"}],"version-history":[{"count":2,"href":"https:\/\/www.venetur.com\/index.php\/wp-json\/wp\/v2\/pages\/13904\/revisions"}],"predecessor-version":[{"id":13913,"href":"https:\/\/www.venetur.com\/index.php\/wp-json\/wp\/v2\/pages\/13904\/revisions\/13913"}],"wp:attachment":[{"href":"https:\/\/www.venetur.com\/index.php\/wp-json\/wp\/v2\/media?parent=13904"}],"curies":[{"name":"wp","href":"https:\/\/api.w.org\/{rel}","templated":true}]}}