{"id":13898,"date":"2026-03-30T15:55:48","date_gmt":"2026-03-30T19:55:48","guid":{"rendered":"https:\/\/www.venetur.com\/?page_id=13898"},"modified":"2026-03-30T15:57:35","modified_gmt":"2026-03-30T19:57:35","slug":"noticia-san-petesburgo","status":"publish","type":"page","link":"https:\/\/www.venetur.com\/index.php\/noticia-san-petesburgo\/","title":{"rendered":"Noticia san petesburgo"},"content":{"rendered":"<p>[et_pb_section fb_built=\u00bb1&#8243; admin_label=\u00bbHeader\u00bb _builder_version=\u00bb4.27.5&#8243; _module_preset=\u00bbdefault\u00bb use_background_color_gradient=\u00bbon\u00bb background_color_gradient_stops=\u00bbrgba(34,34,34,0) 0%|gcid-1f9b0bb3-481a-49f1-9fe6-999fc3c3182b 100%\u00bb background_color_gradient_overlays_image=\u00bbon\u00bb background_image=\u00bbhttps:\/\/www.venetur.com\/wp-content\/uploads\/2026\/03\/5055403402384313229.jpg\u00bb custom_padding=\u00bb90px||90px||true|false\u00bb locked=\u00bboff\u00bb collapsed=\u00bbon\u00bb global_colors_info=\u00bb{%22gcid-1f9b0bb3-481a-49f1-9fe6-999fc3c3182b%22:%91%22background_color_gradient_stops%22%93}\u00bb][et_pb_row _builder_version=\u00bb4.20.0&#8243; _module_preset=\u00bbdefault\u00bb global_colors_info=\u00bb{}\u00bb][et_pb_column type=\u00bb4_4&#8243; _builder_version=\u00bb4.20.0&#8243; _module_preset=\u00bbdefault\u00bb global_colors_info=\u00bb{}\u00bb][et_pb_text _builder_version=\u00bb4.20.0&#8243; _module_preset=\u00bba33b5007-2e03-4cc8-91fc-4115ad4c8f26&#8243; header_text_color=\u00bb#FFFFFF\u00bb text_orientation=\u00bbcenter\u00bb custom_margin=\u00bb||10px||false|false\u00bb global_colors_info=\u00bb{}\u00bb][\/et_pb_text][\/et_pb_column][\/et_pb_row][\/et_pb_section][et_pb_section fb_built=\u00bb1&#8243; admin_label=\u00bbServices\u00bb _builder_version=\u00bb4.27.5&#8243; _module_preset=\u00bbdefault\u00bb background_color=\u00bbRGBA(255,255,255,0)\u00bb min_height=\u00bb1301.2px\u00bb custom_margin=\u00bb||-63px|||\u00bb custom_padding=\u00bb0px||||false|false\u00bb collapsed=\u00bbon\u00bb global_colors_info=\u00bb{}\u00bb][et_pb_row custom_padding_last_edited=\u00bbon|phone\u00bb _builder_version=\u00bb4.27.5&#8243; _module_preset=\u00bbdefault\u00bb background_color=\u00bbgcid-86da69f8-ce43-4c42-8395-4abd58818e72&#8243; width=\u00bb73%\u00bb custom_margin=\u00bb-60px||||false|false\u00bb custom_padding=\u00bb60px|60px|60px|60px|true|true\u00bb custom_padding_tablet=\u00bb30px|30px|30px|30px|true|true\u00bb custom_padding_phone=\u00bb20px|20px|20px|20px|true|true\u00bb border_radii=\u00bbon|16px|16px|16px|16px\u00bb global_colors_info=\u00bb{%22gcid-86da69f8-ce43-4c42-8395-4abd58818e72%22:%91%22background_color%22%93}\u00bb][et_pb_column type=\u00bb4_4&#8243; _builder_version=\u00bb4.20.0&#8243; _module_preset=\u00bbdefault\u00bb global_colors_info=\u00bb{}\u00bb][et_pb_text _builder_version=\u00bb4.27.5&#8243; _module_preset=\u00bb91340e2b-a870-4e1c-b74d-9b8c47a361ea\u00bb custom_margin=\u00bb-30px||6px||false|false\u00bb custom_padding=\u00bb15px||17px||false|false\u00bb hover_enabled=\u00bb0&#8243; global_colors_info=\u00bb{}\u00bb sticky_enabled=\u00bb0&#8243;]<\/p>\n<h4><strong data-entity-type=\"MessageEntityBold\">Venezuela consolida alianzas comerciales con San Petersburgo<\/strong><\/h4>\n<p>[\/et_pb_text][et_pb_image src=\u00bbhttps:\/\/www.venetur.com\/wp-content\/uploads\/2026\/03\/Venezuela-consolida-alianzas-comerciales-con-San-Petersburgo.jpg\u00bb title_text=\u00bbVenezuela consolida alianzas comerciales con San Petersburgo\u00bb _builder_version=\u00bb4.27.5&#8243; _module_preset=\u00bbdefault\u00bb width=\u00bb93%\u00bb module_alignment=\u00bbcenter\u00bb hover_enabled=\u00bb0&#8243; box_shadow_style=\u00bbpreset2&#8243; global_colors_info=\u00bb{}\u00bb sticky_enabled=\u00bb0&#8243;][\/et_pb_image][et_pb_text _builder_version=\u00bb4.27.5&#8243; _module_preset=\u00bb0b36fe94-9250-4e7d-a80a-3c5ba7852df0&#8243; custom_margin=\u00bb0px||-2px||false|false\u00bb custom_padding=\u00bb35px||||false|false\u00bb hover_enabled=\u00bb0&#8243; global_colors_info=\u00bb{}\u00bb sticky_enabled=\u00bb0&#8243;]<\/p>\n<p style=\"text-align: justify;\"><span>Caracas; 13.03.2026 (Prensa Venetur).- La delegaci\u00f3n de Venezuela desarrolla una importante agenda de trabajo en la Exposici\u00f3n Internacional de Viajes y Turismo de Mosc\u00fa (MITT Mosc\u00fa 2026), donde se consolid\u00f3 una alianza, de alto nivel, con San Petersburgo. Este encuentro cumple instrucciones de la presidenta (E) Delcy Rodr\u00edguez y la ministra de Turismo Daniella Cabello, con la intenci\u00f3n de continuar afianzando el Plan Estrat\u00e9gico que posiciona al pa\u00eds, en el mundo.<\/span><br \/><span>\u00a0<\/span><br \/><span>La representaci\u00f3n nacional integrada por el viceministro de Turismo Internacional, Marcos Medina, y la presidenta de Venezolana de Turismo (Venetur), Dheliz \u00c1lvarez, participaron en una videoconferencia con Nana Gvichia, vicepresidenta del Comit\u00e9 para el Desarrollo del Turismo de San Petersburgo. El objetivo del encuentro es consolidar la presencia de Venezuela en la \u00abCapital del Norte\u00bb de Rusia.<\/span><\/p>\n<p><span>En la reuni\u00f3n se abord\u00f3 la instalaci\u00f3n de una oficina de Venetur en San Petersburgo, adem\u00e1s la activaci\u00f3n de nuevas rutas a\u00e9reas para atraer m\u00e1s turistas rusos. Tambi\u00e9n se evalu\u00f3 el lanzamiento de \u00abFam Trips\u00bb (viajes de familiarizaci\u00f3n) para blogueros internacionales y operadores tur\u00edsticos venezolanos que visiten la ciudad de San Peterburgo. Igualmente se prev\u00e9 la participaci\u00f3n de la naci\u00f3n caribe\u00f1a, en los pr\u00f3ximos foros internacionales de turismo en el pa\u00eds euroasi\u00e1tico.<\/span><\/p>\n<p>[\/et_pb_text][\/et_pb_column][\/et_pb_row][et_pb_row _builder_version=\u00bb4.27.5&#8243; _module_preset=\u00bbdefault\u00bb][et_pb_column _builder_version=\u00bb4.27.5&#8243; _module_preset=\u00bbdefault\u00bb type=\u00bb4_4&#8243;][et_pb_image src=\u00bbhttps:\/\/www.venetur.com\/wp-content\/uploads\/2026\/03\/5059907002011683692.jpg\u00bb _builder_version=\u00bb4.27.5&#8243; _module_preset=\u00bbdefault\u00bb title_text=\u00bb5059907002011683692&#8243; width=\u00bb81%\u00bb max_width=\u00bb83%\u00bb custom_margin=\u00bb-1px||||false|false\u00bb custom_padding=\u00bb26px|13px||16px|false|false\u00bb hover_enabled=\u00bb0&#8243; sticky_enabled=\u00bb0&#8243; align=\u00bbcenter\u00bb][\/et_pb_image][\/et_pb_column][\/et_pb_row][\/et_pb_section]<\/p>\n","protected":false},"excerpt":{"rendered":"<p>Venezuela consolida alianzas comerciales con San PetersburgoCaracas; 13.03.2026 (Prensa Venetur).- La delegaci\u00f3n de Venezuela desarrolla una importante agenda de trabajo en la Exposici\u00f3n Internacional de Viajes y Turismo de Mosc\u00fa [&hellip;]<\/p>\n","protected":false},"author":1,"featured_media":0,"parent":0,"menu_order":0,"comment_status":"closed","ping_status":"closed","template":"","meta":{"_et_pb_use_builder":"on","_et_pb_old_content":"","_et_gb_content_width":"","inline_featured_image":false,"_price":"","_stock":"","_tribe_ticket_header":"","_tribe_default_ticket_provider":"","_tribe_ticket_capacity":"0","_ticket_start_date":"","_ticket_end_date":"","_tribe_ticket_show_description":"","_tribe_ticket_show_not_going":false,"_tribe_ticket_use_global_stock":"","_tribe_ticket_global_stock_level":"","_global_stock_mode":"","_global_stock_cap":"","_tribe_rsvp_for_event":"","_tribe_ticket_going_count":"","_tribe_ticket_not_going_count":"","_tribe_tickets_list":"[]","_tribe_ticket_has_attendee_info_fields":false,"_joinchat":[],"footnotes":"","_tec_slr_enabled":"","_tec_slr_layout":""},"class_list":["post-13898","page","type-page","status-publish","hentry"],"ticketed":false,"_links":{"self":[{"href":"https:\/\/www.venetur.com\/index.php\/wp-json\/wp\/v2\/pages\/13898","targetHints":{"allow":["GET"]}}],"collection":[{"href":"https:\/\/www.venetur.com\/index.php\/wp-json\/wp\/v2\/pages"}],"about":[{"href":"https:\/\/www.venetur.com\/index.php\/wp-json\/wp\/v2\/types\/page"}],"author":[{"embeddable":true,"href":"https:\/\/www.venetur.com\/index.php\/wp-json\/wp\/v2\/users\/1"}],"replies":[{"embeddable":true,"href":"https:\/\/www.venetur.com\/index.php\/wp-json\/wp\/v2\/comments?post=13898"}],"version-history":[{"count":3,"href":"https:\/\/www.venetur.com\/index.php\/wp-json\/wp\/v2\/pages\/13898\/revisions"}],"predecessor-version":[{"id":13910,"href":"https:\/\/www.venetur.com\/index.php\/wp-json\/wp\/v2\/pages\/13898\/revisions\/13910"}],"wp:attachment":[{"href":"https:\/\/www.venetur.com\/index.php\/wp-json\/wp\/v2\/media?parent=13898"}],"curies":[{"name":"wp","href":"https:\/\/api.w.org\/{rel}","templated":true}]}}

<p>[et_pb_section fb_built=»1&#8243; admin_label=»Header» _builder_version=»4.27.5&#8243; _module_preset=»default» use_background_color_gradient=»on» background_color_gradient_stops=»rgba(34,34,34,0) 0%|gcid-1f9b0bb3-481a-49f1-9fe6-999fc3c3182b 100%» background_color_gradient_overlays_image=»on» background_image=»https://www.venetur.com/wp-content/uploads/2026/03/5055403402384313229.jpg» custom_padding=»90px||90px||true|false» locked=»off» collapsed=»on» global_colors_info=»{%22gcid-1f9b0bb3-481a-49f1-9fe6-999fc3c3182b%22:%91%22background_color_gradient_stops%22%93}»][et_pb_row _builder_version=»4.20.0&#8243; _module_preset=»default» global_colors_info=»{}»][et_pb_column type=»4_4&#8243; _builder_version=»4.20.0&#8243; _module_preset=»default» global_colors_info=»{}»][et_pb_text _builder_version=»4.20.0&#8243; _module_preset=»a33b5007-2e03-4cc8-91fc-4115ad4c8f26&#8243; header_text_color=»#FFFFFF» text_orientation=»center» custom_margin=»||10px||false|false» global_colors_info=»{}»][/et_pb_text][/et_pb_column][/et_pb_row][/et_pb_section][et_pb_section fb_built=»1&#8243; admin_label=»Services» _builder_version=»4.27.5&#8243; _module_preset=»default» background_color=»RGBA(255,255,255,0)» min_height=»1301.2px» custom_margin=»||-63px|||» custom_padding=»0px||||false|false» collapsed=»on» global_colors_info=»{}»][et_pb_row custom_padding_last_edited=»on|phone» _builder_version=»4.27.5&#8243; _module_preset=»default» background_color=»gcid-86da69f8-ce43-4c42-8395-4abd58818e72&#8243; width=»73%» custom_margin=»-60px||||false|false» custom_padding=»60px|60px|60px|60px|true|true» custom_padding_tablet=»30px|30px|30px|30px|true|true» custom_padding_phone=»20px|20px|20px|20px|true|true» border_radii=»on|16px|16px|16px|16px» global_colors_info=»{%22gcid-86da69f8-ce43-4c42-8395-4abd58818e72%22:%91%22background_color%22%93}»][et_pb_column type=»4_4&#8243; _builder_version=»4.20.0&#8243; _module_preset=»default» global_colors_info=»{}»][et_pb_text _builder_version=»4.27.5&#8243; _module_preset=»91340e2b-a870-4e1c-b74d-9b8c47a361ea» custom_margin=»-30px||6px||false|false» custom_padding=»15px||17px||false|false» hover_enabled=»0&#8243; global_colors_info=»{}» sticky_enabled=»0&#8243;]</p>
<h4><strong data-entity-type="MessageEntityBold">Venezuela consolida alianzas comerciales con San Petersburgo</strong></h4>
<p>[/et_pb_text][et_pb_image src=»https://www.venetur.com/wp-content/uploads/2026/03/Venezuela-consolida-alianzas-comerciales-con-San-Petersburgo.jpg» title_text=»Venezuela consolida alianzas comerciales con San Petersburgo» _builder_version=»4.27.5&#8243; _module_preset=»default» width=»93%» module_alignment=»center» hover_enabled=»0&#8243; box_shadow_style=»preset2&#8243; global_colors_info=»{}» sticky_enabled=»0&#8243;][/et_pb_image][et_pb_text _builder_version=»4.27.5&#8243; _module_preset=»0b36fe94-9250-4e7d-a80a-3c5ba7852df0&#8243; custom_margin=»0px||-2px||false|false» custom_padding=»35px||||false|false» hover_enabled=»0&#8243; global_colors_info=»{}» sticky_enabled=»0&#8243;]</p>
<p style="text-align: justify;"><span>Caracas; 13.03.2026 (Prensa Venetur).- La delegación de Venezuela desarrolla una importante agenda de trabajo en la Exposición Internacional de Viajes y Turismo de Moscú (MITT Moscú 2026), donde se consolidó una alianza, de alto nivel, con San Petersburgo. Este encuentro cumple instrucciones de la presidenta (E) Delcy Rodríguez y la ministra de Turismo Daniella Cabello, con la intención de continuar afianzando el Plan Estratégico que posiciona al país, en el mundo.</span><br /><span> </span><br /><span>La representación nacional integrada por el viceministro de Turismo Internacional, Marcos Medina, y la presidenta de Venezolana de Turismo (Venetur), Dheliz Álvarez, participaron en una videoconferencia con Nana Gvichia, vicepresidenta del Comité para el Desarrollo del Turismo de San Petersburgo. El objetivo del encuentro es consolidar la presencia de Venezuela en la «Capital del Norte» de Rusia.</span></p>
<p><span>En la reunión se abordó la instalación de una oficina de Venetur en San Petersburgo, además la activación de nuevas rutas aéreas para atraer más turistas rusos. También se evaluó el lanzamiento de «Fam Trips» (viajes de familiarización) para blogueros internacionales y operadores turísticos venezolanos que visiten la ciudad de San Peterburgo. Igualmente se prevé la participación de la nación caribeña, en los próximos foros internacionales de turismo en el país euroasiático.</span></p>
<p>[/et_pb_text][/et_pb_column][/et_pb_row][et_pb_row _builder_version=»4.27.5&#8243; _module_preset=»default»][et_pb_column _builder_version=»4.27.5&#8243; _module_preset=»default» type=»4_4&#8243;][et_pb_image src=»https://www.venetur.com/wp-content/uploads/2026/03/5059907002011683692.jpg» _builder_version=»4.27.5&#8243; _module_preset=»default» title_text=»5059907002011683692&#8243; width=»81%» max_width=»83%» custom_margin=»-1px||||false|false» custom_padding=»26px|13px||16px|false|false» hover_enabled=»0&#8243; sticky_enabled=»0&#8243; align=»center»][/et_pb_image][/et_pb_column][/et_pb_row][/et_pb_section]</p>

<p>Venezuela consolida alianzas comerciales con San PetersburgoCaracas; 13.03.2026 (Prensa Venetur).- La delegación de Venezuela desarrolla una importante agenda de trabajo en la Exposición Internacional de Viajes y Turismo de Moscú [&hellip;]</p>
