{"id":13884,"date":"2026-03-30T15:41:16","date_gmt":"2026-03-30T19:41:16","guid":{"rendered":"https:\/\/www.venetur.com\/?page_id=13884"},"modified":"2026-03-30T15:44:49","modified_gmt":"2026-03-30T19:44:49","slug":"noticia-elorza-2","status":"publish","type":"page","link":"https:\/\/www.venetur.com\/index.php\/noticia-elorza-2\/","title":{"rendered":"Noticia camuri mar"},"content":{"rendered":"\n[et_pb_section fb_built=\u00bb1&#8243; admin_label=\u00bbHeader\u00bb _builder_version=\u00bb4.27.5&#8243; _module_preset=\u00bbdefault\u00bb use_background_color_gradient=\u00bbon\u00bb background_color_gradient_stops=\u00bbrgba(34,34,34,0) 0%|gcid-1f9b0bb3-481a-49f1-9fe6-999fc3c3182b 100%\u00bb background_color_gradient_overlays_image=\u00bbon\u00bb background_image=\u00bbhttps:\/\/www.venetur.com\/wp-content\/uploads\/2026\/03\/5055403402384313229.jpg\u00bb custom_padding=\u00bb90px||90px||true|false\u00bb locked=\u00bboff\u00bb collapsed=\u00bbon\u00bb global_colors_info=\u00bb{%22gcid-1f9b0bb3-481a-49f1-9fe6-999fc3c3182b%22:%91%22background_color_gradient_stops%22%93}\u00bb][et_pb_row _builder_version=\u00bb4.20.0&#8243; _module_preset=\u00bbdefault\u00bb global_colors_info=\u00bb{}\u00bb][et_pb_column type=\u00bb4_4&#8243; _builder_version=\u00bb4.20.0&#8243; _module_preset=\u00bbdefault\u00bb global_colors_info=\u00bb{}\u00bb][et_pb_text _builder_version=\u00bb4.20.0&#8243; _module_preset=\u00bba33b5007-2e03-4cc8-91fc-4115ad4c8f26&#8243; header_text_color=\u00bb#FFFFFF\u00bb text_orientation=\u00bbcenter\u00bb custom_margin=\u00bb||10px||false|false\u00bb global_colors_info=\u00bb{}\u00bb][\/et_pb_text][\/et_pb_column][\/et_pb_row][\/et_pb_section][et_pb_section fb_built=\u00bb1&#8243; admin_label=\u00bbServices\u00bb _builder_version=\u00bb4.27.5&#8243; _module_preset=\u00bbdefault\u00bb background_color=\u00bbRGBA(255,255,255,0)\u00bb min_height=\u00bb1540.2px\u00bb custom_margin=\u00bb||-63px|||\u00bb custom_padding=\u00bb0px||||false|false\u00bb collapsed=\u00bbon\u00bb global_colors_info=\u00bb{}\u00bb][et_pb_row custom_padding_last_edited=\u00bbon|phone\u00bb _builder_version=\u00bb4.27.5&#8243; _module_preset=\u00bbdefault\u00bb background_color=\u00bbgcid-86da69f8-ce43-4c42-8395-4abd58818e72&#8243; width=\u00bb73%\u00bb custom_margin=\u00bb-60px||||false|false\u00bb custom_padding=\u00bb60px|60px|60px|60px|true|true\u00bb custom_padding_tablet=\u00bb30px|30px|30px|30px|true|true\u00bb custom_padding_phone=\u00bb20px|20px|20px|20px|true|true\u00bb border_radii=\u00bbon|16px|16px|16px|16px\u00bb global_colors_info=\u00bb{%22gcid-86da69f8-ce43-4c42-8395-4abd58818e72%22:%91%22background_color%22%93}\u00bb][et_pb_column type=\u00bb4_4&#8243; _builder_version=\u00bb4.20.0&#8243; _module_preset=\u00bbdefault\u00bb global_colors_info=\u00bb{}\u00bb][et_pb_text _builder_version=\u00bb4.27.5&#8243; _module_preset=\u00bb91340e2b-a870-4e1c-b74d-9b8c47a361ea\u00bb custom_margin=\u00bb-30px||6px||false|false\u00bb custom_padding=\u00bb15px||17px||false|false\u00bb hover_enabled=\u00bb0&#8243; global_colors_info=\u00bb{}\u00bb sticky_enabled=\u00bb0&#8243;]<h4><strong data-entity-type=\"MessageEntityBold\">Avanzan trabajos en Complejo Tur\u00edstico Camur\u00ed Mar en La Guaira<\/strong><\/h4>[\/et_pb_text][et_pb_image src=\u00bbhttps:\/\/www.venetur.com\/wp-content\/uploads\/2026\/03\/5064381872602811359.jpg\u00bb title_text=\u00bb5064381872602811359&#8243; _builder_version=\u00bb4.27.5&#8243; _module_preset=\u00bbdefault\u00bb width=\u00bb93%\u00bb module_alignment=\u00bbcenter\u00bb hover_enabled=\u00bb0&#8243; box_shadow_style=\u00bbpreset2&#8243; global_colors_info=\u00bb{}\u00bb sticky_enabled=\u00bb0&#8243;][\/et_pb_image][et_pb_text _builder_version=\u00bb4.27.5&#8243; _module_preset=\u00bb0b36fe94-9250-4e7d-a80a-3c5ba7852df0&#8243; custom_margin=\u00bb0px||-2px||false|false\u00bb custom_padding=\u00bb35px||||false|false\u00bb global_colors_info=\u00bb{}\u00bb]<p style=\"text-align: justify;\"><span>Apure, 20.03.2026 (Prensa Mintur)-. M\u00e1s de 35 mil turistas colmaron la poblaci\u00f3n de Elorza para celebrar sus fiestas patronales y el tradicional D\u00eda de la Elorzanidad. Este encuentro unific\u00f3 elementos hist\u00f3ricos y sociales que reflejan la esencia del llano apure\u00f1o en un ambiente de paz y sana convivencia ciudadana. Con estas actividades el Ministerio del Poder Popular para el Turismo, impulsa el corredor binacional con Colombia para potenciar la actividad comercial, el flujo de turistas y dinamizar econom\u00eda entre ambas nacional.<\/span><\/p>\n<p><span>En ese sentido, un total de 39 agrupaciones y 800 bailadores recorrieron dos kil\u00f3metros desde el puente Lauro Carrillo hasta el sector El Rinc\u00f3n del Veguero. La destreza de los artistas en el zapateo reafirm\u00f3 la vigencia del joropo como pilar fundamental de la identidad y el patrimonio nacional. El cronograma oficial incluy\u00f3 el Festival Internacional del Muralismo, toros coleados y el talento infantil a trav\u00e9s del evento Elorzanito de Oro.<\/span><\/p>\n<p><span>Para garantizar la seguridad y resguardo de propios y visitantes, el Gobierno Nacional despleg\u00f3 tres mil funcionarios de seguridad ciudadana. El viceministro Endes Palencia supervis\u00f3 el operativo integrado que permiti\u00f3 el pleno disfrute de los atractivos tur\u00edsticos en honor a San Jos\u00e9. \u200e\u201cNuestra prioridad es el resguardo, protecci\u00f3n, seguridad y atenci\u00f3n integral de los visitantes y de los propios habitantes que asistan a estas celebraciones. Cumplimos instrucciones precisas para que el pueblo pueda disfrutar sanamente estas fechas\u201d, destac\u00f3 Palencia.<\/span><br \/><span>\u200e<\/span><br \/><span>Las comunidades ind\u00edgenas Pum\u00e9 y Jivi exhibieron piezas \u00fanicas de artesan\u00eda que reflejan sus saberes milenarios y las t\u00e9cnicas ancestrales del territorio del Apure. La comercializaci\u00f3n de estos tejidos y tallas en madera impuls\u00f3 la econom\u00eda de las familias originarias y dignific\u00f3 el esfuerzo de los artesanos locales. Cada obra represent\u00f3 un acto de resistencia cultural y una oportunidad para que el turista conecte con la historia viva del llano.<\/span><\/p>[\/et_pb_text][\/et_pb_column][\/et_pb_row][et_pb_row _builder_version=\u00bb4.27.5&#8243; _module_preset=\u00bbdefault\u00bb global_colors_info=\u00bb{}\u00bb][et_pb_column type=\u00bb4_4&#8243; _builder_version=\u00bb4.27.5&#8243; _module_preset=\u00bbdefault\u00bb global_colors_info=\u00bb{}\u00bb][et_pb_image src=\u00bbhttps:\/\/www.venetur.com\/wp-content\/uploads\/2026\/03\/Avanza-trabajos-en-Complejo-Turistico-Camuri-Mar-en-La-Guaira.jpg\u00bb title_text=\u00bbAvanza trabajos en Complejo Tur\u00edstico Camur\u00ed Mar en La Guaira\u00bb align=\u00bbcenter\u00bb _builder_version=\u00bb4.27.5&#8243; _module_preset=\u00bbdefault\u00bb width=\u00bb82%\u00bb max_width=\u00bb83%\u00bb custom_margin=\u00bb-10px||||false|false\u00bb custom_padding=\u00bb17px|0px||0px|false|false\u00bb hover_enabled=\u00bb0&#8243; global_colors_info=\u00bb{}\u00bb sticky_enabled=\u00bb0&#8243;][\/et_pb_image][\/et_pb_column][\/et_pb_row][\/et_pb_section]\n","protected":false},"excerpt":{"rendered":"<p>Avanzan trabajos en Complejo Tur\u00edstico Camur\u00ed Mar en La GuairaApure, 20.03.2026 (Prensa Mintur)-. M\u00e1s de 35 mil turistas colmaron la poblaci\u00f3n de Elorza para celebrar sus fiestas patronales y el [&hellip;]<\/p>\n","protected":false},"author":1,"featured_media":0,"parent":0,"menu_order":0,"comment_status":"closed","ping_status":"closed","template":"","meta":{"_et_pb_use_builder":"on","_et_pb_old_content":"","_et_gb_content_width":"","inline_featured_image":false,"_price":"","_stock":"","_tribe_ticket_header":"","_tribe_default_ticket_provider":"","_tribe_ticket_capacity":"0","_ticket_start_date":"","_ticket_end_date":"","_tribe_ticket_show_description":"","_tribe_ticket_show_not_going":false,"_tribe_ticket_use_global_stock":"","_tribe_ticket_global_stock_level":"","_global_stock_mode":"","_global_stock_cap":"","_tribe_rsvp_for_event":"","_tribe_ticket_going_count":"","_tribe_ticket_not_going_count":"","_tribe_tickets_list":"[]","_tribe_ticket_has_attendee_info_fields":false,"_joinchat":[],"footnotes":"","_tec_slr_enabled":"","_tec_slr_layout":""},"class_list":["post-13884","page","type-page","status-publish","hentry"],"ticketed":false,"_links":{"self":[{"href":"https:\/\/www.venetur.com\/index.php\/wp-json\/wp\/v2\/pages\/13884","targetHints":{"allow":["GET"]}}],"collection":[{"href":"https:\/\/www.venetur.com\/index.php\/wp-json\/wp\/v2\/pages"}],"about":[{"href":"https:\/\/www.venetur.com\/index.php\/wp-json\/wp\/v2\/types\/page"}],"author":[{"embeddable":true,"href":"https:\/\/www.venetur.com\/index.php\/wp-json\/wp\/v2\/users\/1"}],"replies":[{"embeddable":true,"href":"https:\/\/www.venetur.com\/index.php\/wp-json\/wp\/v2\/comments?post=13884"}],"version-history":[{"count":2,"href":"https:\/\/www.venetur.com\/index.php\/wp-json\/wp\/v2\/pages\/13884\/revisions"}],"predecessor-version":[{"id":13890,"href":"https:\/\/www.venetur.com\/index.php\/wp-json\/wp\/v2\/pages\/13884\/revisions\/13890"}],"wp:attachment":[{"href":"https:\/\/www.venetur.com\/index.php\/wp-json\/wp\/v2\/media?parent=13884"}],"curies":[{"name":"wp","href":"https:\/\/api.w.org\/{rel}","templated":true}]}}

[et_pb_section fb_built=»1&#8243; admin_label=»Header» _builder_version=»4.27.5&#8243; _module_preset=»default» use_background_color_gradient=»on» background_color_gradient_stops=»rgba(34,34,34,0) 0%|gcid-1f9b0bb3-481a-49f1-9fe6-999fc3c3182b 100%» background_color_gradient_overlays_image=»on» background_image=»https://www.venetur.com/wp-content/uploads/2026/03/5055403402384313229.jpg» custom_padding=»90px||90px||true|false» locked=»off» collapsed=»on» global_colors_info=»{%22gcid-1f9b0bb3-481a-49f1-9fe6-999fc3c3182b%22:%91%22background_color_gradient_stops%22%93}»][et_pb_row _builder_version=»4.20.0&#8243; _module_preset=»default» global_colors_info=»{}»][et_pb_column type=»4_4&#8243; _builder_version=»4.20.0&#8243; _module_preset=»default» global_colors_info=»{}»][et_pb_text _builder_version=»4.20.0&#8243; _module_preset=»a33b5007-2e03-4cc8-91fc-4115ad4c8f26&#8243; header_text_color=»#FFFFFF» text_orientation=»center» custom_margin=»||10px||false|false» global_colors_info=»{}»][/et_pb_text][/et_pb_column][/et_pb_row][/et_pb_section][et_pb_section fb_built=»1&#8243; admin_label=»Services» _builder_version=»4.27.5&#8243; _module_preset=»default» background_color=»RGBA(255,255,255,0)» min_height=»1540.2px» custom_margin=»||-63px|||» custom_padding=»0px||||false|false» collapsed=»on» global_colors_info=»{}»][et_pb_row custom_padding_last_edited=»on|phone» _builder_version=»4.27.5&#8243; _module_preset=»default» background_color=»gcid-86da69f8-ce43-4c42-8395-4abd58818e72&#8243; width=»73%» custom_margin=»-60px||||false|false» custom_padding=»60px|60px|60px|60px|true|true» custom_padding_tablet=»30px|30px|30px|30px|true|true» custom_padding_phone=»20px|20px|20px|20px|true|true» border_radii=»on|16px|16px|16px|16px» global_colors_info=»{%22gcid-86da69f8-ce43-4c42-8395-4abd58818e72%22:%91%22background_color%22%93}»][et_pb_column type=»4_4&#8243; _builder_version=»4.20.0&#8243; _module_preset=»default» global_colors_info=»{}»][et_pb_text _builder_version=»4.27.5&#8243; _module_preset=»91340e2b-a870-4e1c-b74d-9b8c47a361ea» custom_margin=»-30px||6px||false|false» custom_padding=»15px||17px||false|false» hover_enabled=»0&#8243; global_colors_info=»{}» sticky_enabled=»0&#8243;]<h4><strong data-entity-type="MessageEntityBold">Avanzan trabajos en Complejo Turístico Camurí Mar en La Guaira</strong></h4>[/et_pb_text][et_pb_image src=»https://www.venetur.com/wp-content/uploads/2026/03/5064381872602811359.jpg» title_text=»5064381872602811359&#8243; _builder_version=»4.27.5&#8243; _module_preset=»default» width=»93%» module_alignment=»center» hover_enabled=»0&#8243; box_shadow_style=»preset2&#8243; global_colors_info=»{}» sticky_enabled=»0&#8243;][/et_pb_image][et_pb_text _builder_version=»4.27.5&#8243; _module_preset=»0b36fe94-9250-4e7d-a80a-3c5ba7852df0&#8243; custom_margin=»0px||-2px||false|false» custom_padding=»35px||||false|false» global_colors_info=»{}»]<p style="text-align: justify;"><span>Apure, 20.03.2026 (Prensa Mintur)-. Más de 35 mil turistas colmaron la población de Elorza para celebrar sus fiestas patronales y el tradicional Día de la Elorzanidad. Este encuentro unificó elementos históricos y sociales que reflejan la esencia del llano apureño en un ambiente de paz y sana convivencia ciudadana. Con estas actividades el Ministerio del Poder Popular para el Turismo, impulsa el corredor binacional con Colombia para potenciar la actividad comercial, el flujo de turistas y dinamizar economía entre ambas nacional.</span></p>
<p><span>En ese sentido, un total de 39 agrupaciones y 800 bailadores recorrieron dos kilómetros desde el puente Lauro Carrillo hasta el sector El Rincón del Veguero. La destreza de los artistas en el zapateo reafirmó la vigencia del joropo como pilar fundamental de la identidad y el patrimonio nacional. El cronograma oficial incluyó el Festival Internacional del Muralismo, toros coleados y el talento infantil a través del evento Elorzanito de Oro.</span></p>
<p><span>Para garantizar la seguridad y resguardo de propios y visitantes, el Gobierno Nacional desplegó tres mil funcionarios de seguridad ciudadana. El viceministro Endes Palencia supervisó el operativo integrado que permitió el pleno disfrute de los atractivos turísticos en honor a San José. ‎“Nuestra prioridad es el resguardo, protección, seguridad y atención integral de los visitantes y de los propios habitantes que asistan a estas celebraciones. Cumplimos instrucciones precisas para que el pueblo pueda disfrutar sanamente estas fechas”, destacó Palencia.</span><br /><span>‎</span><br /><span>Las comunidades indígenas Pumé y Jivi exhibieron piezas únicas de artesanía que reflejan sus saberes milenarios y las técnicas ancestrales del territorio del Apure. La comercialización de estos tejidos y tallas en madera impulsó la economía de las familias originarias y dignificó el esfuerzo de los artesanos locales. Cada obra representó un acto de resistencia cultural y una oportunidad para que el turista conecte con la historia viva del llano.</span></p>[/et_pb_text][/et_pb_column][/et_pb_row][et_pb_row _builder_version=»4.27.5&#8243; _module_preset=»default» global_colors_info=»{}»][et_pb_column type=»4_4&#8243; _builder_version=»4.27.5&#8243; _module_preset=»default» global_colors_info=»{}»][et_pb_image src=»https://www.venetur.com/wp-content/uploads/2026/03/Avanza-trabajos-en-Complejo-Turistico-Camuri-Mar-en-La-Guaira.jpg» title_text=»Avanza trabajos en Complejo Turístico Camurí Mar en La Guaira» align=»center» _builder_version=»4.27.5&#8243; _module_preset=»default» width=»82%» max_width=»83%» custom_margin=»-10px||||false|false» custom_padding=»17px|0px||0px|false|false» hover_enabled=»0&#8243; global_colors_info=»{}» sticky_enabled=»0&#8243;][/et_pb_image][/et_pb_column][/et_pb_row][/et_pb_section]

<p>Avanzan trabajos en Complejo Turístico Camurí Mar en La GuairaApure, 20.03.2026 (Prensa Mintur)-. Más de 35 mil turistas colmaron la población de Elorza para celebrar sus fiestas patronales y el [&hellip;]</p>
