{"id":13876,"date":"2026-03-30T15:50:31","date_gmt":"2026-03-30T19:50:31","guid":{"rendered":"https:\/\/www.venetur.com\/?page_id=13876"},"modified":"2026-03-30T16:49:12","modified_gmt":"2026-03-30T20:49:12","slug":"noticia-pn-morrocoy","status":"publish","type":"page","link":"https:\/\/www.venetur.com\/index.php\/noticia-pn-morrocoy\/","title":{"rendered":"Noticia PN MORROCOY"},"content":{"rendered":"<p>[et_pb_section fb_built=\u00bb1&#8243; admin_label=\u00bbHeader\u00bb _builder_version=\u00bb4.27.5&#8243; _module_preset=\u00bbdefault\u00bb use_background_color_gradient=\u00bbon\u00bb background_color_gradient_stops=\u00bbrgba(34,34,34,0) 0%|gcid-1f9b0bb3-481a-49f1-9fe6-999fc3c3182b 100%\u00bb background_color_gradient_overlays_image=\u00bbon\u00bb background_image=\u00bbhttps:\/\/www.venetur.com\/wp-content\/uploads\/2026\/03\/5055403402384313229.jpg\u00bb custom_padding=\u00bb90px||90px||true|false\u00bb locked=\u00bboff\u00bb collapsed=\u00bbon\u00bb global_colors_info=\u00bb{%22gcid-1f9b0bb3-481a-49f1-9fe6-999fc3c3182b%22:%91%22background_color_gradient_stops%22%93}\u00bb][et_pb_row _builder_version=\u00bb4.20.0&#8243; _module_preset=\u00bbdefault\u00bb global_colors_info=\u00bb{}\u00bb][et_pb_column type=\u00bb4_4&#8243; _builder_version=\u00bb4.20.0&#8243; _module_preset=\u00bbdefault\u00bb global_colors_info=\u00bb{}\u00bb][et_pb_text _builder_version=\u00bb4.20.0&#8243; _module_preset=\u00bba33b5007-2e03-4cc8-91fc-4115ad4c8f26&#8243; header_text_color=\u00bb#FFFFFF\u00bb text_orientation=\u00bbcenter\u00bb custom_margin=\u00bb||10px||false|false\u00bb global_colors_info=\u00bb{}\u00bb][\/et_pb_text][\/et_pb_column][\/et_pb_row][\/et_pb_section][et_pb_section fb_built=\u00bb1&#8243; admin_label=\u00bbServices\u00bb _builder_version=\u00bb4.20.0&#8243; _module_preset=\u00bbdefault\u00bb background_color=\u00bbRGBA(255,255,255,0)\u00bb custom_padding=\u00bb0px||||false|false\u00bb collapsed=\u00bbon\u00bb global_colors_info=\u00bb{}\u00bb][et_pb_row custom_padding_last_edited=\u00bbon|phone\u00bb _builder_version=\u00bb4.27.5&#8243; _module_preset=\u00bbdefault\u00bb background_color=\u00bbgcid-86da69f8-ce43-4c42-8395-4abd58818e72&#8243; width=\u00bb73%\u00bb custom_margin=\u00bb-60px||||false|false\u00bb custom_padding=\u00bb60px|60px|60px|60px|true|true\u00bb custom_padding_tablet=\u00bb30px|30px|30px|30px|true|true\u00bb custom_padding_phone=\u00bb20px|20px|20px|20px|true|true\u00bb border_radii=\u00bbon|16px|16px|16px|16px\u00bb global_colors_info=\u00bb{%22gcid-86da69f8-ce43-4c42-8395-4abd58818e72%22:%91%22background_color%22%93}\u00bb][et_pb_column type=\u00bb4_4&#8243; _builder_version=\u00bb4.20.0&#8243; _module_preset=\u00bbdefault\u00bb global_colors_info=\u00bb{}\u00bb][et_pb_text _builder_version=\u00bb4.27.5&#8243; _module_preset=\u00bb91340e2b-a870-4e1c-b74d-9b8c47a361ea\u00bb custom_margin=\u00bb-28px||||false|false\u00bb custom_padding=\u00bb13px||15px||false|false\u00bb hover_enabled=\u00bb0&#8243; global_colors_info=\u00bb{}\u00bb sticky_enabled=\u00bb0&#8243;]<\/p>\n<h4><strong>Gobierno Bolivariano garantiza el resguardo de los espacios en el PN Morrocoy<\/strong><\/h4>\n<p>[\/et_pb_text][et_pb_image src=\u00bbhttps:\/\/www.venetur.com\/wp-content\/uploads\/2026\/03\/5066633672416496459.jpg\u00bb title_text=\u00bb5066633672416496459&#8243; _builder_version=\u00bb4.27.5&#8243; _module_preset=\u00bbdefault\u00bb width=\u00bb93%\u00bb module_alignment=\u00bbcenter\u00bb hover_enabled=\u00bb0&#8243; box_shadow_style=\u00bbpreset2&#8243; global_colors_info=\u00bb{}\u00bb custom_margin=\u00bb-18px||||false|false\u00bb sticky_enabled=\u00bb0&#8243;][\/et_pb_image][et_pb_text _builder_version=\u00bb4.27.5&#8243; _module_preset=\u00bb0b36fe94-9250-4e7d-a80a-3c5ba7852df0&#8243; custom_margin=\u00bb0px||-2px||false|false\u00bb custom_padding=\u00bb35px||||false|false\u00bb global_colors_info=\u00bb{}\u00bb]<\/p>\n<p style=\"text-align: justify;\"><span>Caracas, 24.03.2026 (Prensa Mintur).\u2013 Con el objetivo de fortalecer la seguridad y la preservaci\u00f3n del Parque Nacional Morrocoy, este martes se llev\u00f3 a cabo una mesa de trabajo encabezada por la ministra de Turismo, Daniella Cabello, el gobernador de Falc\u00f3n, V\u00edctor Clark y la presidenta de Inparques Rosa In\u00e9s Ch\u00e1vez. El encuentro permiti\u00f3 articular el plan integral y de atenci\u00f3n ciudadana durante el asueto de Semana Santa.<\/span><\/p>\n<p style=\"text-align: justify;\"><span>La reuni\u00f3n, en la que tambi\u00e9n participaron Prestadores de Servicio Tur\u00edstico, due\u00f1o de embarcaciones, lancheros y comunidad organizada, defini\u00f3 los protocolos de supervisi\u00f3n para las operaciones acu\u00e1ticas y el cumplimiento de las normativas ambientales que permiten el equilibrio entre la recreaci\u00f3n y conservaci\u00f3n del ecosistema marino-costero. Las autoridades priorizaron la organizaci\u00f3n log\u00edstica para optimizar la capacidad de respuesta, ante el alto flujo de visitantes.<\/span><br \/><span>\u200e<\/span><br \/><span>\u200c\u200eEsta jornada responde a las directrices de la presidenta (E) Delcy Rodr\u00edguez, enfocadas en garantizar la protecci\u00f3n de las \u00e1reas protegidas, bajo un modelo de desarrollo tur\u00edstico responsable. La iniciativa consolida un esquema de gesti\u00f3n compartida entre las instituciones del Estado y actores del sector, para asegurar el \u00e9xito del operativo.<\/span><\/p>\n<p style=\"text-align: justify;\"><span>De esta manera, el Gobierno Nacional reafirma su compromiso con el resguardo de la biodiversidad y seguridad p\u00fablica, consolidando a Falc\u00f3n como un destino de excelencia y paz para todas las familias venezolanas.<\/span><\/p>\n<p>[\/et_pb_text][\/et_pb_column][\/et_pb_row][\/et_pb_section]<\/p>\n","protected":false},"excerpt":{"rendered":"<p>Gobierno Bolivariano garantiza el resguardo de los espacios en el PN MorrocoyCaracas, 24.03.2026 (Prensa Mintur).\u2013 Con el objetivo de fortalecer la seguridad y la preservaci\u00f3n del Parque Nacional Morrocoy, este [&hellip;]<\/p>\n","protected":false},"author":1,"featured_media":0,"parent":0,"menu_order":0,"comment_status":"closed","ping_status":"closed","template":"","meta":{"_et_pb_use_builder":"on","_et_pb_old_content":"","_et_gb_content_width":"","inline_featured_image":false,"_price":"","_stock":"","_tribe_ticket_header":"","_tribe_default_ticket_provider":"","_tribe_ticket_capacity":"0","_ticket_start_date":"","_ticket_end_date":"","_tribe_ticket_show_description":"","_tribe_ticket_show_not_going":false,"_tribe_ticket_use_global_stock":"","_tribe_ticket_global_stock_level":"","_global_stock_mode":"","_global_stock_cap":"","_tribe_rsvp_for_event":"","_tribe_ticket_going_count":"","_tribe_ticket_not_going_count":"","_tribe_tickets_list":"[]","_tribe_ticket_has_attendee_info_fields":false,"_joinchat":[],"footnotes":"","_tec_slr_enabled":"","_tec_slr_layout":""},"class_list":["post-13876","page","type-page","status-publish","hentry"],"ticketed":false,"_links":{"self":[{"href":"https:\/\/www.venetur.com\/index.php\/wp-json\/wp\/v2\/pages\/13876","targetHints":{"allow":["GET"]}}],"collection":[{"href":"https:\/\/www.venetur.com\/index.php\/wp-json\/wp\/v2\/pages"}],"about":[{"href":"https:\/\/www.venetur.com\/index.php\/wp-json\/wp\/v2\/types\/page"}],"author":[{"embeddable":true,"href":"https:\/\/www.venetur.com\/index.php\/wp-json\/wp\/v2\/users\/1"}],"replies":[{"embeddable":true,"href":"https:\/\/www.venetur.com\/index.php\/wp-json\/wp\/v2\/comments?post=13876"}],"version-history":[{"count":3,"href":"https:\/\/www.venetur.com\/index.php\/wp-json\/wp\/v2\/pages\/13876\/revisions"}],"predecessor-version":[{"id":13978,"href":"https:\/\/www.venetur.com\/index.php\/wp-json\/wp\/v2\/pages\/13876\/revisions\/13978"}],"wp:attachment":[{"href":"https:\/\/www.venetur.com\/index.php\/wp-json\/wp\/v2\/media?parent=13876"}],"curies":[{"name":"wp","href":"https:\/\/api.w.org\/{rel}","templated":true}]}}

<p>[et_pb_section fb_built=»1&#8243; admin_label=»Header» _builder_version=»4.27.5&#8243; _module_preset=»default» use_background_color_gradient=»on» background_color_gradient_stops=»rgba(34,34,34,0) 0%|gcid-1f9b0bb3-481a-49f1-9fe6-999fc3c3182b 100%» background_color_gradient_overlays_image=»on» background_image=»https://www.venetur.com/wp-content/uploads/2026/03/5055403402384313229.jpg» custom_padding=»90px||90px||true|false» locked=»off» collapsed=»on» global_colors_info=»{%22gcid-1f9b0bb3-481a-49f1-9fe6-999fc3c3182b%22:%91%22background_color_gradient_stops%22%93}»][et_pb_row _builder_version=»4.20.0&#8243; _module_preset=»default» global_colors_info=»{}»][et_pb_column type=»4_4&#8243; _builder_version=»4.20.0&#8243; _module_preset=»default» global_colors_info=»{}»][et_pb_text _builder_version=»4.20.0&#8243; _module_preset=»a33b5007-2e03-4cc8-91fc-4115ad4c8f26&#8243; header_text_color=»#FFFFFF» text_orientation=»center» custom_margin=»||10px||false|false» global_colors_info=»{}»][/et_pb_text][/et_pb_column][/et_pb_row][/et_pb_section][et_pb_section fb_built=»1&#8243; admin_label=»Services» _builder_version=»4.20.0&#8243; _module_preset=»default» background_color=»RGBA(255,255,255,0)» custom_padding=»0px||||false|false» collapsed=»on» global_colors_info=»{}»][et_pb_row custom_padding_last_edited=»on|phone» _builder_version=»4.27.5&#8243; _module_preset=»default» background_color=»gcid-86da69f8-ce43-4c42-8395-4abd58818e72&#8243; width=»73%» custom_margin=»-60px||||false|false» custom_padding=»60px|60px|60px|60px|true|true» custom_padding_tablet=»30px|30px|30px|30px|true|true» custom_padding_phone=»20px|20px|20px|20px|true|true» border_radii=»on|16px|16px|16px|16px» global_colors_info=»{%22gcid-86da69f8-ce43-4c42-8395-4abd58818e72%22:%91%22background_color%22%93}»][et_pb_column type=»4_4&#8243; _builder_version=»4.20.0&#8243; _module_preset=»default» global_colors_info=»{}»][et_pb_text _builder_version=»4.27.5&#8243; _module_preset=»91340e2b-a870-4e1c-b74d-9b8c47a361ea» custom_margin=»-28px||||false|false» custom_padding=»13px||15px||false|false» hover_enabled=»0&#8243; global_colors_info=»{}» sticky_enabled=»0&#8243;]</p>
<h4><strong>Gobierno Bolivariano garantiza el resguardo de los espacios en el PN Morrocoy</strong></h4>
<p>[/et_pb_text][et_pb_image src=»https://www.venetur.com/wp-content/uploads/2026/03/5066633672416496459.jpg» title_text=»5066633672416496459&#8243; _builder_version=»4.27.5&#8243; _module_preset=»default» width=»93%» module_alignment=»center» hover_enabled=»0&#8243; box_shadow_style=»preset2&#8243; global_colors_info=»{}» custom_margin=»-18px||||false|false» sticky_enabled=»0&#8243;][/et_pb_image][et_pb_text _builder_version=»4.27.5&#8243; _module_preset=»0b36fe94-9250-4e7d-a80a-3c5ba7852df0&#8243; custom_margin=»0px||-2px||false|false» custom_padding=»35px||||false|false» global_colors_info=»{}»]</p>
<p style="text-align: justify;"><span>Caracas, 24.03.2026 (Prensa Mintur).– Con el objetivo de fortalecer la seguridad y la preservación del Parque Nacional Morrocoy, este martes se llevó a cabo una mesa de trabajo encabezada por la ministra de Turismo, Daniella Cabello, el gobernador de Falcón, Víctor Clark y la presidenta de Inparques Rosa Inés Chávez. El encuentro permitió articular el plan integral y de atención ciudadana durante el asueto de Semana Santa.</span></p>
<p style="text-align: justify;"><span>La reunión, en la que también participaron Prestadores de Servicio Turístico, dueño de embarcaciones, lancheros y comunidad organizada, definió los protocolos de supervisión para las operaciones acuáticas y el cumplimiento de las normativas ambientales que permiten el equilibrio entre la recreación y conservación del ecosistema marino-costero. Las autoridades priorizaron la organización logística para optimizar la capacidad de respuesta, ante el alto flujo de visitantes.</span><br /><span>‎</span><br /><span>‌‎Esta jornada responde a las directrices de la presidenta (E) Delcy Rodríguez, enfocadas en garantizar la protección de las áreas protegidas, bajo un modelo de desarrollo turístico responsable. La iniciativa consolida un esquema de gestión compartida entre las instituciones del Estado y actores del sector, para asegurar el éxito del operativo.</span></p>
<p style="text-align: justify;"><span>De esta manera, el Gobierno Nacional reafirma su compromiso con el resguardo de la biodiversidad y seguridad pública, consolidando a Falcón como un destino de excelencia y paz para todas las familias venezolanas.</span></p>
<p>[/et_pb_text][/et_pb_column][/et_pb_row][/et_pb_section]</p>

<p>Gobierno Bolivariano garantiza el resguardo de los espacios en el PN MorrocoyCaracas, 24.03.2026 (Prensa Mintur).– Con el objetivo de fortalecer la seguridad y la preservación del Parque Nacional Morrocoy, este [&hellip;]</p>
