{"id":13857,"date":"2026-03-30T15:13:43","date_gmt":"2026-03-30T19:13:43","guid":{"rendered":"https:\/\/www.venetur.com\/?page_id=13857"},"modified":"2026-03-30T15:13:44","modified_gmt":"2026-03-30T19:13:44","slug":"noticia-23-03-26","status":"publish","type":"page","link":"https:\/\/www.venetur.com\/index.php\/noticia-23-03-26\/","title":{"rendered":"Noticia 24\/03\/26"},"content":{"rendered":"<p>[et_pb_section fb_built=\u00bb1&#8243; admin_label=\u00bbHeader\u00bb _builder_version=\u00bb4.27.5&#8243; _module_preset=\u00bbdefault\u00bb use_background_color_gradient=\u00bbon\u00bb background_color_gradient_stops=\u00bbrgba(34,34,34,0) 0%|gcid-1f9b0bb3-481a-49f1-9fe6-999fc3c3182b 100%\u00bb background_color_gradient_overlays_image=\u00bbon\u00bb background_image=\u00bbhttps:\/\/www.venetur.com\/wp-content\/uploads\/2026\/03\/5055403402384313229.jpg\u00bb custom_padding=\u00bb90px||90px||true|false\u00bb locked=\u00bboff\u00bb collapsed=\u00bbon\u00bb global_colors_info=\u00bb{%22gcid-1f9b0bb3-481a-49f1-9fe6-999fc3c3182b%22:%91%22background_color_gradient_stops%22%93}\u00bb][et_pb_row _builder_version=\u00bb4.20.0&#8243; _module_preset=\u00bbdefault\u00bb global_colors_info=\u00bb{}\u00bb][et_pb_column type=\u00bb4_4&#8243; _builder_version=\u00bb4.20.0&#8243; _module_preset=\u00bbdefault\u00bb global_colors_info=\u00bb{}\u00bb][et_pb_text _builder_version=\u00bb4.20.0&#8243; _module_preset=\u00bba33b5007-2e03-4cc8-91fc-4115ad4c8f26&#8243; header_text_color=\u00bb#FFFFFF\u00bb text_orientation=\u00bbcenter\u00bb custom_margin=\u00bb||10px||false|false\u00bb global_colors_info=\u00bb{}\u00bb][\/et_pb_text][\/et_pb_column][\/et_pb_row][\/et_pb_section][et_pb_section fb_built=\u00bb1&#8243; admin_label=\u00bbServices\u00bb _builder_version=\u00bb4.20.0&#8243; _module_preset=\u00bbdefault\u00bb background_color=\u00bbRGBA(255,255,255,0)\u00bb min_height=\u00bb1540.2px\u00bb custom_margin=\u00bb||-63px|||\u00bb custom_padding=\u00bb0px||||false|false\u00bb collapsed=\u00bbon\u00bb global_colors_info=\u00bb{}\u00bb][et_pb_row custom_padding_last_edited=\u00bbon|phone\u00bb _builder_version=\u00bb4.27.5&#8243; _module_preset=\u00bbdefault\u00bb background_color=\u00bbgcid-86da69f8-ce43-4c42-8395-4abd58818e72&#8243; width=\u00bb73%\u00bb custom_margin=\u00bb-60px||||false|false\u00bb custom_padding=\u00bb60px|60px|60px|60px|true|true\u00bb custom_padding_tablet=\u00bb30px|30px|30px|30px|true|true\u00bb custom_padding_phone=\u00bb20px|20px|20px|20px|true|true\u00bb border_radii=\u00bbon|16px|16px|16px|16px\u00bb global_colors_info=\u00bb{%22gcid-86da69f8-ce43-4c42-8395-4abd58818e72%22:%91%22background_color%22%93}\u00bb][et_pb_column type=\u00bb4_4&#8243; _builder_version=\u00bb4.20.0&#8243; _module_preset=\u00bbdefault\u00bb global_colors_info=\u00bb{}\u00bb][et_pb_text _builder_version=\u00bb4.27.5&#8243; _module_preset=\u00bb91340e2b-a870-4e1c-b74d-9b8c47a361ea\u00bb custom_margin=\u00bb-28px||||false|false\u00bb custom_padding=\u00bb0px||15px||false|false\u00bb hover_enabled=\u00bb0&#8243; global_colors_info=\u00bb{}\u00bb sticky_enabled=\u00bb0&#8243;]<\/p>\n<h2><strong data-entity-type=\"MessageEntityBold\">Crucero italiano incorpora a Margarita en su oferta tur\u00edstica<\/strong><\/h2>\n<p>[\/et_pb_text][et_pb_image src=\u00bbhttps:\/\/www.venetur.com\/wp-content\/uploads\/2026\/03\/5064381872602811364.jpg\u00bb title_text=\u00bb5064381872602811364&#8243; _builder_version=\u00bb4.27.5&#8243; _module_preset=\u00bbdefault\u00bb width=\u00bb93%\u00bb module_alignment=\u00bbcenter\u00bb hover_enabled=\u00bb0&#8243; box_shadow_style=\u00bbpreset2&#8243; global_colors_info=\u00bb{}\u00bb sticky_enabled=\u00bb0&#8243;][\/et_pb_image][et_pb_text _builder_version=\u00bb4.27.5&#8243; _module_preset=\u00bb0b36fe94-9250-4e7d-a80a-3c5ba7852df0&#8243; custom_margin=\u00bb0px||-2px||false|false\u00bb custom_padding=\u00bb35px||||false|false\u00bb hover_enabled=\u00bb0&#8243; global_colors_info=\u00bb{}\u00bb sticky_enabled=\u00bb0&#8243;]<\/p>\n<p style=\"text-align: justify;\"><span>Caracas, 23.03.2026 (Prensa Mintur)- . MSC Cruceros, la tercera operadora naviera m\u00e1s importante del mundo, agreg\u00f3 a la isla de Margarita a su inventario de destinos internacionales. Esta compa\u00f1\u00eda italiana, que ha recorrido m\u00e1s de 100 pa\u00edses y 300 destinos, habilit\u00f3 en su portal web una gu\u00eda que destaca las bondades del estado Nueva Esparta, para incluirla en el mapa del turismo de alta gama.<\/span><\/p>\n<p><span>La oferta promocional de la naviera resalta la biodiversidad de la pen\u00ednsula de Macanao y el parque nacional Laguna de la Restinga, reconocido santuario natural, ideal para el avistamiento de aves y caballitos de mar. Otros puntos de inter\u00e9s son el Castillo San Carlos Borromeo y las emblem\u00e1ticas playas El Agua, Manzanillo y El Yaque.<\/span><\/p>\n<p><span>Al respecto el presidente de la C\u00e1mara de Turismo de Nueva Esparta, Antonio De Abreu, manifest\u00f3 su optimismo ante este avance institucional y comercial. Informo que se prev\u00e9 que la llegada del crucero ocurra en los pr\u00f3ximos meses o a m\u00e1s tardar el pr\u00f3ximo a\u00f1o. <\/span><\/p>\n<p><strong data-entity-type=\"MessageEntityBold\">Margarita en el radar internacional<\/strong><\/p>\n<p><span>Tras la visita del Amadea, en enero de 2023, aumenta la expectativa de que otras operadoras sigan los pasos de la gigante italiana y sumen a Venezuela, como un producto para el mercado global. Hasta la fecha, la plataforma digital de MSC proporciona informaci\u00f3n t\u00e9cnica para la planificaci\u00f3n de estas rutas y sus respectivos servicios en tierra.<\/span><\/p>\n<p><span>De esta manera, el Ejecutivo Nacional, a trav\u00e9s de la gesti\u00f3n de la Ministra del Poder Popular para el Turismo, Daniella Cabello impulsa la proyecci\u00f3n de la entidad neoespartana como destino estrat\u00e9gico para la diversificaci\u00f3n econ\u00f3mica, captaci\u00f3n de divisas e incremento del turismo receptivo.<\/span><\/p>\n<p><span>La presencia de la naviera italiana en la regi\u00f3n ratifica la confianza en la seguridad, infraestructura y potencial de Venezuela como puerto de escala de clase mundial.<\/span><\/p>\n<p>[\/et_pb_text][\/et_pb_column][\/et_pb_row][\/et_pb_section]<\/p>\n","protected":false},"excerpt":{"rendered":"<p>Crucero italiano incorpora a Margarita en su oferta tur\u00edsticaCaracas, 23.03.2026 (Prensa Mintur)- . MSC Cruceros, la tercera operadora naviera m\u00e1s importante del mundo, agreg\u00f3 a la isla de Margarita a [&hellip;]<\/p>\n","protected":false},"author":1,"featured_media":0,"parent":0,"menu_order":0,"comment_status":"closed","ping_status":"closed","template":"","meta":{"_et_pb_use_builder":"on","_et_pb_old_content":"","_et_gb_content_width":"","inline_featured_image":false,"_price":"","_stock":"","_tribe_ticket_header":"","_tribe_default_ticket_provider":"","_tribe_ticket_capacity":"0","_ticket_start_date":"","_ticket_end_date":"","_tribe_ticket_show_description":"","_tribe_ticket_show_not_going":false,"_tribe_ticket_use_global_stock":"","_tribe_ticket_global_stock_level":"","_global_stock_mode":"","_global_stock_cap":"","_tribe_rsvp_for_event":"","_tribe_ticket_going_count":"","_tribe_ticket_not_going_count":"","_tribe_tickets_list":"[]","_tribe_ticket_has_attendee_info_fields":false,"_joinchat":[],"footnotes":"","_tec_slr_enabled":"","_tec_slr_layout":""},"class_list":["post-13857","page","type-page","status-publish","hentry"],"ticketed":false,"_links":{"self":[{"href":"https:\/\/www.venetur.com\/index.php\/wp-json\/wp\/v2\/pages\/13857","targetHints":{"allow":["GET"]}}],"collection":[{"href":"https:\/\/www.venetur.com\/index.php\/wp-json\/wp\/v2\/pages"}],"about":[{"href":"https:\/\/www.venetur.com\/index.php\/wp-json\/wp\/v2\/types\/page"}],"author":[{"embeddable":true,"href":"https:\/\/www.venetur.com\/index.php\/wp-json\/wp\/v2\/users\/1"}],"replies":[{"embeddable":true,"href":"https:\/\/www.venetur.com\/index.php\/wp-json\/wp\/v2\/comments?post=13857"}],"version-history":[{"count":2,"href":"https:\/\/www.venetur.com\/index.php\/wp-json\/wp\/v2\/pages\/13857\/revisions"}],"predecessor-version":[{"id":13862,"href":"https:\/\/www.venetur.com\/index.php\/wp-json\/wp\/v2\/pages\/13857\/revisions\/13862"}],"wp:attachment":[{"href":"https:\/\/www.venetur.com\/index.php\/wp-json\/wp\/v2\/media?parent=13857"}],"curies":[{"name":"wp","href":"https:\/\/api.w.org\/{rel}","templated":true}]}}