{"id":13846,"date":"2026-03-30T15:20:05","date_gmt":"2026-03-30T19:20:05","guid":{"rendered":"https:\/\/www.venetur.com\/?page_id=13846"},"modified":"2026-03-30T16:47:38","modified_gmt":"2026-03-30T20:47:38","slug":"noticia-24-03-26-3","status":"publish","type":"page","link":"https:\/\/www.venetur.com\/index.php\/noticia-24-03-26-3\/","title":{"rendered":"Noticia 24\/03\/26"},"content":{"rendered":"<p>[et_pb_section fb_built=\u00bb1&#8243; admin_label=\u00bbHeader\u00bb _builder_version=\u00bb4.27.5&#8243; _module_preset=\u00bbdefault\u00bb use_background_color_gradient=\u00bbon\u00bb background_color_gradient_stops=\u00bbrgba(34,34,34,0) 0%|gcid-1f9b0bb3-481a-49f1-9fe6-999fc3c3182b 100%\u00bb background_color_gradient_overlays_image=\u00bbon\u00bb background_image=\u00bbhttps:\/\/www.venetur.com\/wp-content\/uploads\/2026\/03\/5055403402384313229.jpg\u00bb custom_padding=\u00bb90px||90px||true|false\u00bb locked=\u00bboff\u00bb collapsed=\u00bbon\u00bb global_colors_info=\u00bb{%22gcid-1f9b0bb3-481a-49f1-9fe6-999fc3c3182b%22:%91%22background_color_gradient_stops%22%93}\u00bb][et_pb_row _builder_version=\u00bb4.20.0&#8243; _module_preset=\u00bbdefault\u00bb global_colors_info=\u00bb{}\u00bb][et_pb_column type=\u00bb4_4&#8243; _builder_version=\u00bb4.20.0&#8243; _module_preset=\u00bbdefault\u00bb global_colors_info=\u00bb{}\u00bb][et_pb_text _builder_version=\u00bb4.20.0&#8243; _module_preset=\u00bba33b5007-2e03-4cc8-91fc-4115ad4c8f26&#8243; header_text_color=\u00bb#FFFFFF\u00bb text_orientation=\u00bbcenter\u00bb custom_margin=\u00bb||10px||false|false\u00bb global_colors_info=\u00bb{}\u00bb][\/et_pb_text][\/et_pb_column][\/et_pb_row][\/et_pb_section][et_pb_section fb_built=\u00bb1&#8243; admin_label=\u00bbServices\u00bb _builder_version=\u00bb4.20.0&#8243; _module_preset=\u00bbdefault\u00bb background_color=\u00bbRGBA(255,255,255,0)\u00bb min_height=\u00bb1540.2px\u00bb custom_margin=\u00bb||-63px|||\u00bb custom_padding=\u00bb0px||||false|false\u00bb collapsed=\u00bbon\u00bb global_colors_info=\u00bb{}\u00bb][et_pb_row custom_padding_last_edited=\u00bbon|phone\u00bb _builder_version=\u00bb4.27.5&#8243; _module_preset=\u00bbdefault\u00bb background_color=\u00bbgcid-86da69f8-ce43-4c42-8395-4abd58818e72&#8243; width=\u00bb73%\u00bb custom_margin=\u00bb-60px||||false|false\u00bb custom_padding=\u00bb60px|60px|60px|60px|true|true\u00bb custom_padding_tablet=\u00bb30px|30px|30px|30px|true|true\u00bb custom_padding_phone=\u00bb20px|20px|20px|20px|true|true\u00bb border_radii=\u00bbon|16px|16px|16px|16px\u00bb global_colors_info=\u00bb{%22gcid-86da69f8-ce43-4c42-8395-4abd58818e72%22:%91%22background_color%22%93}\u00bb][et_pb_column type=\u00bb4_4&#8243; _builder_version=\u00bb4.20.0&#8243; _module_preset=\u00bbdefault\u00bb global_colors_info=\u00bb{}\u00bb][et_pb_text _builder_version=\u00bb4.27.5&#8243; _module_preset=\u00bb91340e2b-a870-4e1c-b74d-9b8c47a361ea\u00bb custom_margin=\u00bb-32px||||false|false\u00bb custom_padding=\u00bb19px||15px||false|false\u00bb hover_enabled=\u00bb0&#8243; global_colors_info=\u00bb{}\u00bb sticky_enabled=\u00bb0&#8243;]<\/p>\n<h4><strong data-entity-type=\"MessageEntityBold\">Ministra Daniella Cabello destaca posicionamiento de Venezuela en el radar mundial<\/strong><\/h4>\n<p>[\/et_pb_text][et_pb_image src=\u00bbhttps:\/\/www.venetur.com\/wp-content\/uploads\/2026\/03\/5066633672416496460.jpg\u00bb title_text=\u00bb5066633672416496460&#8243; _builder_version=\u00bb4.27.5&#8243; _module_preset=\u00bbdefault\u00bb width=\u00bb93%\u00bb module_alignment=\u00bbcenter\u00bb hover_enabled=\u00bb0&#8243; box_shadow_style=\u00bbpreset2&#8243; global_colors_info=\u00bb{}\u00bb custom_margin=\u00bb-12px||||false|false\u00bb sticky_enabled=\u00bb0&#8243;][\/et_pb_image][et_pb_text _builder_version=\u00bb4.27.5&#8243; _module_preset=\u00bb0b36fe94-9250-4e7d-a80a-3c5ba7852df0&#8243; custom_margin=\u00bb0px||-2px||false|false\u00bb custom_padding=\u00bb35px||||false|false\u00bb global_colors_info=\u00bb{}\u00bb]<\/p>\n<p style=\"text-align: justify;\"><span>Caracas, 24.03.2026 (Prensa Mintur). \u2013 Tras la exitosa participaci\u00f3n de Venezuela en las vitrinas internacionales, la ministra del Poder Popular para el Turismo, Daniella Cabello, present\u00f3 un balance de los resultados en las ferias Anato en Bogot\u00e1, ITB de Berl\u00edn y la MITT en Mosc\u00fa. Resalt\u00f3 que estos encuentros consolidan al pa\u00eds como un destino de alta competitividad ante el mundo. <\/span><\/p>\n<p style=\"text-align: justify;\"><span>\u00abLas buenas noticias no se hacen esperar\u00bb, expres\u00f3 Cabello ante la presencia de prestadores de servicio y autoridades del sector p\u00fablico y privado. \u201cVenezuela se proyecta con firmeza como un territorio de estabilidad, prosperidad y bienestar social porque est\u00e1n pasando cosas buenas dentro y fuera de nuestras fronteras\u201d, agreg\u00f3. <\/span><\/p>\n<p style=\"text-align: justify;\"><span>La Ministra destac\u00f3 la participacion de la delegaci\u00f3n venezolana, que asisti\u00f3 a la Feria de Anato, conformada por los viceministros de Turismo Nacional e Internacional, Nadia Mignogna y Marcos Medina, respectivamente, junto a la presidenta de Venetur, Dh\u00e8liz \u00c1lvarez, quienes establecieron acuerdos para el desarrollo del corredor binacional con el aviturismo como motor cohesionador y la reactivaci\u00f3n de vuelos ch\u00e1rter para conectar la naci\u00f3n neogranadina con la isla de Margarita. <\/span><\/p>\n<p style=\"text-align: justify;\"><span>Asimismo, indic\u00f3 que, en la ITB se promovi\u00f3 el cat\u00e1logo de inversi\u00f3n para infraestructura tur\u00edstica nacional y acuerdos con operadores, interesados en las costas venezolanas. Mietras que, en la MITT se establecieron acuerdos con el Comit\u00e9 de Turismo de San Petersburgo para la triangulaci\u00f3n con operadores tur\u00edsticos a fin de potenciar los vuelos ch\u00e1rter entre ambas naciones. <\/span><\/p>\n<p style=\"text-align: justify;\"><span>Tambi\u00e9n, la Ministra destac\u00f3 la planificaci\u00f3n de videoconferencias con la empresa estatal petrolera rusa, Roszarubezhneft, para comercializar paquetes y fortalecer la conexi\u00f3n con Aeroflot. El mercado euroasi\u00e1tico reconoce al pa\u00eds como un aliado estrat\u00e9gico para el intercambio comercial. <\/span><strong><\/strong><\/p>\n<p style=\"text-align: justify;\"><strong>Acuerdo de cooperaci\u00f3n binacional<\/strong><span> <\/span><\/p>\n<p style=\"text-align: justify;\"><span>En aras de establecer la puesta en marcha del vuelo ch\u00e1rter Cali-isla de Margarita, la ministra, Daniella Cabello, recibi\u00f3 el acuerdo de cooperaci\u00f3n entre la aerol\u00ednea Venezolana y la operadora Waterland Mundo Marino de Nueva Esparta. Este convenio iniciar\u00e1 un plan piloto en el mes de septiembre con una frecuencia semanal y un viaje de familiarizaci\u00f3n (FamTrip) que se concretar\u00e1 el pr\u00f3ximo mes de mayo. <\/span><\/p>\n<p style=\"text-align: justify;\"><span>De esta manera, el Ejecutivo Nacional reafirma su compromiso con la captaci\u00f3n de divisas y la generaci\u00f3n de empleos mediante el sector turismo para promocionar el producto Venezuela como destino de referencia para viajeros del mundo.<\/span><\/p>\n<p>[\/et_pb_text][\/et_pb_column][\/et_pb_row][\/et_pb_section][et_pb_section fb_built=\u00bb1&#8243; _builder_version=\u00bb4.27.5&#8243; _module_preset=\u00bbdefault\u00bb global_colors_info=\u00bb{}\u00bb][et_pb_row _builder_version=\u00bb4.27.5&#8243; _module_preset=\u00bbdefault\u00bb width=\u00bb57%\u00bb global_colors_info=\u00bb{}\u00bb][et_pb_column type=\u00bb4_4&#8243; _builder_version=\u00bb4.27.5&#8243; _module_preset=\u00bbdefault\u00bb global_colors_info=\u00bb{}\u00bb][et_pb_image src=\u00bbhttps:\/\/www.venetur.com\/wp-content\/uploads\/2026\/03\/photo_5066633672416496461_y.jpg\u00bb title_text=\u00bbphoto_5066633672416496461_y\u00bb _builder_version=\u00bb4.27.5&#8243; _module_preset=\u00bbdefault\u00bb global_colors_info=\u00bb{}\u00bb][\/et_pb_image][\/et_pb_column][\/et_pb_row][\/et_pb_section]<\/p>\n","protected":false},"excerpt":{"rendered":"<p>Ministra Daniella Cabello destaca posicionamiento de Venezuela en el radar mundialCaracas, 24.03.2026 (Prensa Mintur). \u2013 Tras la exitosa participaci\u00f3n de Venezuela en las vitrinas internacionales, la ministra del Poder Popular [&hellip;]<\/p>\n","protected":false},"author":1,"featured_media":0,"parent":0,"menu_order":0,"comment_status":"closed","ping_status":"closed","template":"","meta":{"_et_pb_use_builder":"on","_et_pb_old_content":"","_et_gb_content_width":"","inline_featured_image":false,"_price":"","_stock":"","_tribe_ticket_header":"","_tribe_default_ticket_provider":"","_tribe_ticket_capacity":"0","_ticket_start_date":"","_ticket_end_date":"","_tribe_ticket_show_description":"","_tribe_ticket_show_not_going":false,"_tribe_ticket_use_global_stock":"","_tribe_ticket_global_stock_level":"","_global_stock_mode":"","_global_stock_cap":"","_tribe_rsvp_for_event":"","_tribe_ticket_going_count":"","_tribe_ticket_not_going_count":"","_tribe_tickets_list":"[]","_tribe_ticket_has_attendee_info_fields":false,"_joinchat":[],"footnotes":"","_tec_slr_enabled":"","_tec_slr_layout":""},"class_list":["post-13846","page","type-page","status-publish","hentry"],"ticketed":false,"_links":{"self":[{"href":"https:\/\/www.venetur.com\/index.php\/wp-json\/wp\/v2\/pages\/13846","targetHints":{"allow":["GET"]}}],"collection":[{"href":"https:\/\/www.venetur.com\/index.php\/wp-json\/wp\/v2\/pages"}],"about":[{"href":"https:\/\/www.venetur.com\/index.php\/wp-json\/wp\/v2\/types\/page"}],"author":[{"embeddable":true,"href":"https:\/\/www.venetur.com\/index.php\/wp-json\/wp\/v2\/users\/1"}],"replies":[{"embeddable":true,"href":"https:\/\/www.venetur.com\/index.php\/wp-json\/wp\/v2\/comments?post=13846"}],"version-history":[{"count":3,"href":"https:\/\/www.venetur.com\/index.php\/wp-json\/wp\/v2\/pages\/13846\/revisions"}],"predecessor-version":[{"id":13977,"href":"https:\/\/www.venetur.com\/index.php\/wp-json\/wp\/v2\/pages\/13846\/revisions\/13977"}],"wp:attachment":[{"href":"https:\/\/www.venetur.com\/index.php\/wp-json\/wp\/v2\/media?parent=13846"}],"curies":[{"name":"wp","href":"https:\/\/api.w.org\/{rel}","templated":true}]}}

<p>[et_pb_section fb_built=»1&#8243; admin_label=»Header» _builder_version=»4.27.5&#8243; _module_preset=»default» use_background_color_gradient=»on» background_color_gradient_stops=»rgba(34,34,34,0) 0%|gcid-1f9b0bb3-481a-49f1-9fe6-999fc3c3182b 100%» background_color_gradient_overlays_image=»on» background_image=»https://www.venetur.com/wp-content/uploads/2026/03/5055403402384313229.jpg» custom_padding=»90px||90px||true|false» locked=»off» collapsed=»on» global_colors_info=»{%22gcid-1f9b0bb3-481a-49f1-9fe6-999fc3c3182b%22:%91%22background_color_gradient_stops%22%93}»][et_pb_row _builder_version=»4.20.0&#8243; _module_preset=»default» global_colors_info=»{}»][et_pb_column type=»4_4&#8243; _builder_version=»4.20.0&#8243; _module_preset=»default» global_colors_info=»{}»][et_pb_text _builder_version=»4.20.0&#8243; _module_preset=»a33b5007-2e03-4cc8-91fc-4115ad4c8f26&#8243; header_text_color=»#FFFFFF» text_orientation=»center» custom_margin=»||10px||false|false» global_colors_info=»{}»][/et_pb_text][/et_pb_column][/et_pb_row][/et_pb_section][et_pb_section fb_built=»1&#8243; admin_label=»Services» _builder_version=»4.20.0&#8243; _module_preset=»default» background_color=»RGBA(255,255,255,0)» min_height=»1540.2px» custom_margin=»||-63px|||» custom_padding=»0px||||false|false» collapsed=»on» global_colors_info=»{}»][et_pb_row custom_padding_last_edited=»on|phone» _builder_version=»4.27.5&#8243; _module_preset=»default» background_color=»gcid-86da69f8-ce43-4c42-8395-4abd58818e72&#8243; width=»73%» custom_margin=»-60px||||false|false» custom_padding=»60px|60px|60px|60px|true|true» custom_padding_tablet=»30px|30px|30px|30px|true|true» custom_padding_phone=»20px|20px|20px|20px|true|true» border_radii=»on|16px|16px|16px|16px» global_colors_info=»{%22gcid-86da69f8-ce43-4c42-8395-4abd58818e72%22:%91%22background_color%22%93}»][et_pb_column type=»4_4&#8243; _builder_version=»4.20.0&#8243; _module_preset=»default» global_colors_info=»{}»][et_pb_text _builder_version=»4.27.5&#8243; _module_preset=»91340e2b-a870-4e1c-b74d-9b8c47a361ea» custom_margin=»-32px||||false|false» custom_padding=»19px||15px||false|false» hover_enabled=»0&#8243; global_colors_info=»{}» sticky_enabled=»0&#8243;]</p>
<h4><strong data-entity-type="MessageEntityBold">Ministra Daniella Cabello destaca posicionamiento de Venezuela en el radar mundial</strong></h4>
<p>[/et_pb_text][et_pb_image src=»https://www.venetur.com/wp-content/uploads/2026/03/5066633672416496460.jpg» title_text=»5066633672416496460&#8243; _builder_version=»4.27.5&#8243; _module_preset=»default» width=»93%» module_alignment=»center» hover_enabled=»0&#8243; box_shadow_style=»preset2&#8243; global_colors_info=»{}» custom_margin=»-12px||||false|false» sticky_enabled=»0&#8243;][/et_pb_image][et_pb_text _builder_version=»4.27.5&#8243; _module_preset=»0b36fe94-9250-4e7d-a80a-3c5ba7852df0&#8243; custom_margin=»0px||-2px||false|false» custom_padding=»35px||||false|false» global_colors_info=»{}»]</p>
<p style="text-align: justify;"><span>Caracas, 24.03.2026 (Prensa Mintur). – Tras la exitosa participación de Venezuela en las vitrinas internacionales, la ministra del Poder Popular para el Turismo, Daniella Cabello, presentó un balance de los resultados en las ferias Anato en Bogotá, ITB de Berlín y la MITT en Moscú. Resaltó que estos encuentros consolidan al país como un destino de alta competitividad ante el mundo. </span></p>
<p style="text-align: justify;"><span>«Las buenas noticias no se hacen esperar», expresó Cabello ante la presencia de prestadores de servicio y autoridades del sector público y privado. “Venezuela se proyecta con firmeza como un territorio de estabilidad, prosperidad y bienestar social porque están pasando cosas buenas dentro y fuera de nuestras fronteras”, agregó. </span></p>
<p style="text-align: justify;"><span>La Ministra destacó la participacion de la delegación venezolana, que asistió a la Feria de Anato, conformada por los viceministros de Turismo Nacional e Internacional, Nadia Mignogna y Marcos Medina, respectivamente, junto a la presidenta de Venetur, Dhèliz Álvarez, quienes establecieron acuerdos para el desarrollo del corredor binacional con el aviturismo como motor cohesionador y la reactivación de vuelos chárter para conectar la nación neogranadina con la isla de Margarita. </span></p>
<p style="text-align: justify;"><span>Asimismo, indicó que, en la ITB se promovió el catálogo de inversión para infraestructura turística nacional y acuerdos con operadores, interesados en las costas venezolanas. Mietras que, en la MITT se establecieron acuerdos con el Comité de Turismo de San Petersburgo para la triangulación con operadores turísticos a fin de potenciar los vuelos chárter entre ambas naciones. </span></p>
<p style="text-align: justify;"><span>También, la Ministra destacó la planificación de videoconferencias con la empresa estatal petrolera rusa, Roszarubezhneft, para comercializar paquetes y fortalecer la conexión con Aeroflot. El mercado euroasiático reconoce al país como un aliado estratégico para el intercambio comercial. </span><strong></strong></p>
<p style="text-align: justify;"><strong>Acuerdo de cooperación binacional</strong><span> </span></p>
<p style="text-align: justify;"><span>En aras de establecer la puesta en marcha del vuelo chárter Cali-isla de Margarita, la ministra, Daniella Cabello, recibió el acuerdo de cooperación entre la aerolínea Venezolana y la operadora Waterland Mundo Marino de Nueva Esparta. Este convenio iniciará un plan piloto en el mes de septiembre con una frecuencia semanal y un viaje de familiarización (FamTrip) que se concretará el próximo mes de mayo. </span></p>
<p style="text-align: justify;"><span>De esta manera, el Ejecutivo Nacional reafirma su compromiso con la captación de divisas y la generación de empleos mediante el sector turismo para promocionar el producto Venezuela como destino de referencia para viajeros del mundo.</span></p>
<p>[/et_pb_text][/et_pb_column][/et_pb_row][/et_pb_section][et_pb_section fb_built=»1&#8243; _builder_version=»4.27.5&#8243; _module_preset=»default» global_colors_info=»{}»][et_pb_row _builder_version=»4.27.5&#8243; _module_preset=»default» width=»57%» global_colors_info=»{}»][et_pb_column type=»4_4&#8243; _builder_version=»4.27.5&#8243; _module_preset=»default» global_colors_info=»{}»][et_pb_image src=»https://www.venetur.com/wp-content/uploads/2026/03/photo_5066633672416496461_y.jpg» title_text=»photo_5066633672416496461_y» _builder_version=»4.27.5&#8243; _module_preset=»default» global_colors_info=»{}»][/et_pb_image][/et_pb_column][/et_pb_row][/et_pb_section]</p>

<p>Ministra Daniella Cabello destaca posicionamiento de Venezuela en el radar mundialCaracas, 24.03.2026 (Prensa Mintur). – Tras la exitosa participación de Venezuela en las vitrinas internacionales, la ministra del Poder Popular [&hellip;]</p>
