{"id":13769,"date":"2026-03-30T14:32:57","date_gmt":"2026-03-30T18:32:57","guid":{"rendered":"https:\/\/www.venetur.com\/?page_id=13769"},"modified":"2026-03-30T16:44:28","modified_gmt":"2026-03-30T20:44:28","slug":"noticia-27-03-26-2","status":"publish","type":"page","link":"https:\/\/www.venetur.com\/index.php\/noticia-27-03-26-2\/","title":{"rendered":"Noticia 27\/03\/26"},"content":{"rendered":"<p>[et_pb_section fb_built=\u00bb1&#8243; admin_label=\u00bbHeader\u00bb _builder_version=\u00bb4.27.5&#8243; _module_preset=\u00bbdefault\u00bb use_background_color_gradient=\u00bbon\u00bb background_color_gradient_stops=\u00bbrgba(34,34,34,0) 0%|gcid-1f9b0bb3-481a-49f1-9fe6-999fc3c3182b 100%\u00bb background_color_gradient_overlays_image=\u00bbon\u00bb background_image=\u00bbhttps:\/\/www.venetur.com\/wp-content\/uploads\/2026\/03\/5055403402384313229.jpg\u00bb custom_padding=\u00bb90px||90px||true|false\u00bb locked=\u00bboff\u00bb collapsed=\u00bbon\u00bb global_colors_info=\u00bb{%22gcid-1f9b0bb3-481a-49f1-9fe6-999fc3c3182b%22:%91%22background_color_gradient_stops%22%93}\u00bb][et_pb_row _builder_version=\u00bb4.20.0&#8243; _module_preset=\u00bbdefault\u00bb global_colors_info=\u00bb{}\u00bb][et_pb_column type=\u00bb4_4&#8243; _builder_version=\u00bb4.20.0&#8243; _module_preset=\u00bbdefault\u00bb global_colors_info=\u00bb{}\u00bb][et_pb_text _builder_version=\u00bb4.20.0&#8243; _module_preset=\u00bba33b5007-2e03-4cc8-91fc-4115ad4c8f26&#8243; header_text_color=\u00bb#FFFFFF\u00bb text_orientation=\u00bbcenter\u00bb custom_margin=\u00bb||10px||false|false\u00bb global_colors_info=\u00bb{}\u00bb][\/et_pb_text][\/et_pb_column][\/et_pb_row][\/et_pb_section][et_pb_section fb_built=\u00bb1&#8243; admin_label=\u00bbServices\u00bb _builder_version=\u00bb4.20.0&#8243; _module_preset=\u00bbdefault\u00bb background_color=\u00bbRGBA(255,255,255,0)\u00bb custom_padding=\u00bb0px||||false|false\u00bb collapsed=\u00bbon\u00bb global_colors_info=\u00bb{}\u00bb][et_pb_row custom_padding_last_edited=\u00bbon|phone\u00bb _builder_version=\u00bb4.27.5&#8243; _module_preset=\u00bbdefault\u00bb background_color=\u00bbgcid-86da69f8-ce43-4c42-8395-4abd58818e72&#8243; width=\u00bb73%\u00bb custom_margin=\u00bb-60px||||false|false\u00bb custom_padding=\u00bb60px|60px|60px|60px|true|true\u00bb custom_padding_tablet=\u00bb30px|30px|30px|30px|true|true\u00bb custom_padding_phone=\u00bb20px|20px|20px|20px|true|true\u00bb border_radii=\u00bbon|16px|16px|16px|16px\u00bb global_colors_info=\u00bb{%22gcid-86da69f8-ce43-4c42-8395-4abd58818e72%22:%91%22background_color%22%93}\u00bb][et_pb_column type=\u00bb4_4&#8243; _builder_version=\u00bb4.20.0&#8243; _module_preset=\u00bbdefault\u00bb global_colors_info=\u00bb{}\u00bb][et_pb_text _builder_version=\u00bb4.27.5&#8243; _module_preset=\u00bb91340e2b-a870-4e1c-b74d-9b8c47a361ea\u00bb custom_margin=\u00bb-14px||||false|false\u00bb custom_padding=\u00bb6px||15px||false|false\u00bb hover_enabled=\u00bb0&#8243; global_colors_info=\u00bb{}\u00bb sticky_enabled=\u00bb0&#8243;]<\/p>\n<h4><strong data-entity-type=\"MessageEntityBold\">Nueva Esparta proyecta un crecimiento del 20 % de turistas durante esta temporada Semana Santa<\/strong><\/h4>\n<p>[\/et_pb_text][et_pb_image src=\u00bbhttps:\/\/www.venetur.com\/wp-content\/uploads\/2026\/03\/5066633672416496468.jpg\u00bb title_text=\u00bb5066633672416496468&#8243; _builder_version=\u00bb4.27.5&#8243; _module_preset=\u00bbdefault\u00bb width=\u00bb93%\u00bb module_alignment=\u00bbcenter\u00bb custom_margin=\u00bb-13px||||false|false\u00bb custom_padding=\u00bb0px||||false|false\u00bb box_shadow_style=\u00bbpreset2&#8243; global_colors_info=\u00bb{}\u00bb][\/et_pb_image][et_pb_text _builder_version=\u00bb4.27.5&#8243; _module_preset=\u00bb0b36fe94-9250-4e7d-a80a-3c5ba7852df0&#8243; custom_margin=\u00bb0px||-2px||false|false\u00bb custom_padding=\u00bb35px||||false|false\u00bb global_colors_info=\u00bb{}\u00bb]<\/p>\n<p><span>Caracas, 27.03.2026 (Prensa Mintur).\u2013 Este jueves 26 de marzo, durante el inicio del operativo \u00abSemana Santa Segura 2026\u00bb, la presidenta (E) de la Rep\u00fablica, Delcy Rodr\u00edguez, destac\u00f3 que el estado Nueva Esparta se consolida como el destino predilecto de los temporadistas. Indic\u00f3 que la entidad neoespartana prev\u00e9 un incremento superior al 20 % en la actividad tur\u00edstica respecto al a\u00f1o anterior.<\/span><\/p>\n<p><span>\u200eAsimismo, Rodr\u00edguez felicit\u00f3 a las c\u00e1maras de turismo y a los operadores hoteleros por el notable resurgimiento de estos sectores econ\u00f3micos. Este dinamismo posiciona a la regi\u00f3n insular como un eje estrat\u00e9gico para la diversificaci\u00f3n productiva, la captaci\u00f3n de divisas y el impulso del turismo receptivo.<\/span><br \/><span>\u200e<\/span><br \/><span>\u200c\u200eEs importante destacar que, recientemente la Perla del Caribe fue incorporada en el inventario de destinos internacionales de MSC Cruceros, la tercera operadora naviera m\u00e1s importante del mundo. De esta manera, el Ejecutivo Nacional, a trav\u00e9s de la gesti\u00f3n de la Ministra del Poder Popular para el Turismo, Daniella Cabello impulsa el avance institucional y comercial en la entidad y presenta a Venezuela como puerto de clase mundial.<\/span><\/p>\n<p>[\/et_pb_text][\/et_pb_column][\/et_pb_row][\/et_pb_section]<\/p>\n","protected":false},"excerpt":{"rendered":"<p>Nueva Esparta proyecta un crecimiento del 20 % de turistas durante esta temporada Semana SantaCaracas, 27.03.2026 (Prensa Mintur).\u2013 Este jueves 26 de marzo, durante el inicio del operativo \u00abSemana Santa [&hellip;]<\/p>\n","protected":false},"author":1,"featured_media":0,"parent":0,"menu_order":0,"comment_status":"closed","ping_status":"closed","template":"","meta":{"_et_pb_use_builder":"on","_et_pb_old_content":"","_et_gb_content_width":"","inline_featured_image":false,"_price":"","_stock":"","_tribe_ticket_header":"","_tribe_default_ticket_provider":"","_tribe_ticket_capacity":"0","_ticket_start_date":"","_ticket_end_date":"","_tribe_ticket_show_description":"","_tribe_ticket_show_not_going":false,"_tribe_ticket_use_global_stock":"","_tribe_ticket_global_stock_level":"","_global_stock_mode":"","_global_stock_cap":"","_tribe_rsvp_for_event":"","_tribe_ticket_going_count":"","_tribe_ticket_not_going_count":"","_tribe_tickets_list":"[]","_tribe_ticket_has_attendee_info_fields":false,"_joinchat":[],"footnotes":"","_tec_slr_enabled":"","_tec_slr_layout":""},"class_list":["post-13769","page","type-page","status-publish","hentry"],"ticketed":false,"_links":{"self":[{"href":"https:\/\/www.venetur.com\/index.php\/wp-json\/wp\/v2\/pages\/13769","targetHints":{"allow":["GET"]}}],"collection":[{"href":"https:\/\/www.venetur.com\/index.php\/wp-json\/wp\/v2\/pages"}],"about":[{"href":"https:\/\/www.venetur.com\/index.php\/wp-json\/wp\/v2\/types\/page"}],"author":[{"embeddable":true,"href":"https:\/\/www.venetur.com\/index.php\/wp-json\/wp\/v2\/users\/1"}],"replies":[{"embeddable":true,"href":"https:\/\/www.venetur.com\/index.php\/wp-json\/wp\/v2\/comments?post=13769"}],"version-history":[{"count":12,"href":"https:\/\/www.venetur.com\/index.php\/wp-json\/wp\/v2\/pages\/13769\/revisions"}],"predecessor-version":[{"id":13975,"href":"https:\/\/www.venetur.com\/index.php\/wp-json\/wp\/v2\/pages\/13769\/revisions\/13975"}],"wp:attachment":[{"href":"https:\/\/www.venetur.com\/index.php\/wp-json\/wp\/v2\/media?parent=13769"}],"curies":[{"name":"wp","href":"https:\/\/api.w.org\/{rel}","templated":true}]}}

<p>[et_pb_section fb_built=»1&#8243; admin_label=»Header» _builder_version=»4.27.5&#8243; _module_preset=»default» use_background_color_gradient=»on» background_color_gradient_stops=»rgba(34,34,34,0) 0%|gcid-1f9b0bb3-481a-49f1-9fe6-999fc3c3182b 100%» background_color_gradient_overlays_image=»on» background_image=»https://www.venetur.com/wp-content/uploads/2026/03/5055403402384313229.jpg» custom_padding=»90px||90px||true|false» locked=»off» collapsed=»on» global_colors_info=»{%22gcid-1f9b0bb3-481a-49f1-9fe6-999fc3c3182b%22:%91%22background_color_gradient_stops%22%93}»][et_pb_row _builder_version=»4.20.0&#8243; _module_preset=»default» global_colors_info=»{}»][et_pb_column type=»4_4&#8243; _builder_version=»4.20.0&#8243; _module_preset=»default» global_colors_info=»{}»][et_pb_text _builder_version=»4.20.0&#8243; _module_preset=»a33b5007-2e03-4cc8-91fc-4115ad4c8f26&#8243; header_text_color=»#FFFFFF» text_orientation=»center» custom_margin=»||10px||false|false» global_colors_info=»{}»][/et_pb_text][/et_pb_column][/et_pb_row][/et_pb_section][et_pb_section fb_built=»1&#8243; admin_label=»Services» _builder_version=»4.20.0&#8243; _module_preset=»default» background_color=»RGBA(255,255,255,0)» custom_padding=»0px||||false|false» collapsed=»on» global_colors_info=»{}»][et_pb_row custom_padding_last_edited=»on|phone» _builder_version=»4.27.5&#8243; _module_preset=»default» background_color=»gcid-86da69f8-ce43-4c42-8395-4abd58818e72&#8243; width=»73%» custom_margin=»-60px||||false|false» custom_padding=»60px|60px|60px|60px|true|true» custom_padding_tablet=»30px|30px|30px|30px|true|true» custom_padding_phone=»20px|20px|20px|20px|true|true» border_radii=»on|16px|16px|16px|16px» global_colors_info=»{%22gcid-86da69f8-ce43-4c42-8395-4abd58818e72%22:%91%22background_color%22%93}»][et_pb_column type=»4_4&#8243; _builder_version=»4.20.0&#8243; _module_preset=»default» global_colors_info=»{}»][et_pb_text _builder_version=»4.27.5&#8243; _module_preset=»91340e2b-a870-4e1c-b74d-9b8c47a361ea» custom_margin=»-14px||||false|false» custom_padding=»6px||15px||false|false» hover_enabled=»0&#8243; global_colors_info=»{}» sticky_enabled=»0&#8243;]</p>
<h4><strong data-entity-type="MessageEntityBold">Nueva Esparta proyecta un crecimiento del 20 % de turistas durante esta temporada Semana Santa</strong></h4>
<p>[/et_pb_text][et_pb_image src=»https://www.venetur.com/wp-content/uploads/2026/03/5066633672416496468.jpg» title_text=»5066633672416496468&#8243; _builder_version=»4.27.5&#8243; _module_preset=»default» width=»93%» module_alignment=»center» custom_margin=»-13px||||false|false» custom_padding=»0px||||false|false» box_shadow_style=»preset2&#8243; global_colors_info=»{}»][/et_pb_image][et_pb_text _builder_version=»4.27.5&#8243; _module_preset=»0b36fe94-9250-4e7d-a80a-3c5ba7852df0&#8243; custom_margin=»0px||-2px||false|false» custom_padding=»35px||||false|false» global_colors_info=»{}»]</p>
<p><span>Caracas, 27.03.2026 (Prensa Mintur).– Este jueves 26 de marzo, durante el inicio del operativo «Semana Santa Segura 2026», la presidenta (E) de la República, Delcy Rodríguez, destacó que el estado Nueva Esparta se consolida como el destino predilecto de los temporadistas. Indicó que la entidad neoespartana prevé un incremento superior al 20 % en la actividad turística respecto al año anterior.</span></p>
<p><span>‎Asimismo, Rodríguez felicitó a las cámaras de turismo y a los operadores hoteleros por el notable resurgimiento de estos sectores económicos. Este dinamismo posiciona a la región insular como un eje estratégico para la diversificación productiva, la captación de divisas y el impulso del turismo receptivo.</span><br /><span>‎</span><br /><span>‌‎Es importante destacar que, recientemente la Perla del Caribe fue incorporada en el inventario de destinos internacionales de MSC Cruceros, la tercera operadora naviera más importante del mundo. De esta manera, el Ejecutivo Nacional, a través de la gestión de la Ministra del Poder Popular para el Turismo, Daniella Cabello impulsa el avance institucional y comercial en la entidad y presenta a Venezuela como puerto de clase mundial.</span></p>
<p>[/et_pb_text][/et_pb_column][/et_pb_row][/et_pb_section]</p>
